{"id":959,"date":"2017-02-22T10:35:43","date_gmt":"2017-02-22T09:35:43","guid":{"rendered":"https:\/\/www.ecovis.com\/tech-law\/?page_id=959"},"modified":"2020-09-25T15:54:44","modified_gmt":"2020-09-25T13:54:44","slug":"ip-recht-und-wettbewerbsrecht","status":"publish","type":"page","link":"https:\/\/www.ecovis.com\/tech-law\/leistungen\/ip-recht-und-wettbewerbsrecht\/","title":{"rendered":"IP- Recht und Wettbewerbsrecht"},"content":{"rendered":"<p><a href=\"https:\/\/de.wikipedia.org\/wiki\/Geistiges_Eigentum\" target=\"_blank\" rel=\"noopener noreferrer\">IP (Intellectual Property)<\/a> Recht und Wettbewerbsrecht geh\u00f6ren in Deutschland zum Gewerblichen Rechtsschutz. Dieses Rechtsgebiet umfasst den Schutz des <a href=\"https:\/\/www.ecovis.com\/tech-law\/eigentum-an-daten\/\">geistigen Eigentums<\/a> und der Verwertungsrechte an diesem. Dar\u00fcber hinaus reguliert es den fairen Wettbewerb zwischen Unternehmen der gleichen Branche. Die Rechtsgebiete, die vom Begriff des gewerblichen Rechtsschutzes umfasst werden, sind dem umfassenden Schutz und der Absicherung gewerblicher T\u00e4tigkeiten verschrieben.<\/p>\n<h3>Unsere Leistungen:<\/h3>\n<ul>\n<li>die wettbewerbsrechtlichen <strong>Bewertung von Werbekonzepten und Internetauftritten<\/strong><br \/>\n<h1><img loading=\"lazy\" decoding=\"async\" class=\" wp-image-2911 alignright\" src=\"https:\/\/www.ecovis.com\/tech-law\/wp-content\/uploads\/2019\/10\/Frau-Mann-treppe.jpg\" alt=\"\" width=\"346\" height=\"388\" srcset=\"https:\/\/www.ecovis.com\/tech-law\/wp-content\/uploads\/2019\/10\/Frau-Mann-treppe.jpg 3996w, https:\/\/www.ecovis.com\/tech-law\/wp-content\/uploads\/2019\/10\/Frau-Mann-treppe-268x300.jpg 268w, https:\/\/www.ecovis.com\/tech-law\/wp-content\/uploads\/2019\/10\/Frau-Mann-treppe-768x861.jpg 768w, https:\/\/www.ecovis.com\/tech-law\/wp-content\/uploads\/2019\/10\/Frau-Mann-treppe-913x1024.jpg 913w, https:\/\/www.ecovis.com\/tech-law\/wp-content\/uploads\/2019\/10\/Frau-Mann-treppe-1200x1345.jpg 1200w\" sizes=\"auto, (max-width: 346px) 100vw, 346px\" \/><\/h1>\n<\/li>\n<li>die <strong>wettbewerbsrechtliche und markenrechtliche Beratung<\/strong> von Produkten und Dienstleistungen<\/li>\n<li>die Recherche und die <strong>Anmeldung von Marken<\/strong> (national\/EU\/international)<\/li>\n<li>Markenverwaltung und Marken\u00fcberwachung<\/li>\n<li>Durchsetzung von<strong> Geschmacksmusterschutz<\/strong><\/li>\n<li>Durchsetzung von <strong>Gebrauchsmusterschutz<\/strong><\/li>\n<li><strong>Patente<\/strong><\/li>\n<li><strong>Softwareschutz<\/strong><\/li>\n<li><strong>Know-how-Schutz- und Verwertung<\/strong><\/li>\n<li>Kauf und Verkauf von<strong> geistigen Eigentumswerten<\/strong><\/li>\n<li>Abmahnung Wettbewerbsrecht<\/li>\n<li>\u00dcberpr\u00fcfung von Internet-Auftritten auf <strong>Wettbewerbsverst\u00f6\u00dfe<\/strong><\/li>\n<li>Durchf\u00fchrung einer Due Diligence im Bereich gewerblicher Rechtsschutz bei Unternehmensk\u00e4ufen<\/li>\n<li>Au\u00dfergerichtliche &amp; gerichtliche Vertretung<\/li>\n<\/ul>\n<p><em>Insbesondere beim Schutz geistigen Eigentums ist eine<strong> fr\u00fche Beratung essentiell<\/strong>, insbesondere hinsichtlich einer Patentanmeldung. Wir empfehlen deshalb eine schnellstm\u00f6gliche <a href=\"https:\/\/www.ecovis.com\/tech-law\/anwaelte\/\">Kontaktaufnahme<\/a>.<\/em><\/p>\n","protected":false},"excerpt":{"rendered":"<p>IP (Intellectual Property) Recht und Wettbewerbsrecht geh\u00f6ren in Deutschland zum Gewerblichen Rechtsschutz. Dieses Rechtsgebiet umfasst den Schutz des geistigen Eigentums und der Verwertungsrechte an diesem. Dar\u00fcber hinaus reguliert es den fairen Wettbewerb zwischen Unternehmen der gleichen Branche. Die Rechtsgebiete, die vom Begriff des gewerblichen Rechtsschutzes umfasst werden, sind dem umfassenden Schutz und der Absicherung gewerblicher [&hellip;]<\/p>\n","protected":false},"author":1,"featured_media":0,"parent":724,"menu_order":2,"comment_status":"closed","ping_status":"closed","template":"","meta":{"_acf_changed":false,"footnotes":""},"class_list":["post-959","page","type-page","status-publish","hentry"],"acf":[],"yoast_head":"<!-- This site is optimized with the Yoast SEO plugin v27.3 - https:\/\/yoast.com\/product\/yoast-seo-wordpress\/ -->\n<title>IP- Recht und Wettbewerbsrecht - Tech Lawyer Berlin, Germany<\/title>\n<meta name=\"description\" content=\"Ecovis Berlin - Ihr Partner im IP- und Wettbewerbsrecht. Profitieren Sie von unseren kompeteten Anw\u00e4lten und kontaktieren Sie uns.\" \/>\n<meta name=\"robots\" content=\"index, follow, max-snippet:-1, max-image-preview:large, max-video-preview:-1\" \/>\n<link rel=\"canonical\" href=\"https:\/\/www.ecovis.com\/tech-law\/leistungen\/ip-recht-und-wettbewerbsrecht\/\" \/>\n<meta property=\"og:locale\" content=\"de_DE\" \/>\n<meta property=\"og:type\" content=\"article\" \/>\n<meta property=\"og:title\" content=\"IP- Recht und Wettbewerbsrecht - Tech Lawyer Berlin, Germany\" \/>\n<meta property=\"og:description\" content=\"Ecovis Berlin - Ihr Partner im IP- und Wettbewerbsrecht. Profitieren Sie von unseren kompeteten Anw\u00e4lten und kontaktieren Sie uns.\" \/>\n<meta property=\"og:url\" content=\"https:\/\/www.ecovis.com\/tech-law\/leistungen\/ip-recht-und-wettbewerbsrecht\/\" \/>\n<meta property=\"og:site_name\" content=\"Technology &amp; Law\" \/>\n<meta property=\"article:modified_time\" content=\"2020-09-25T13:54:44+00:00\" \/>\n<meta property=\"og:image\" content=\"https:\/\/www.ecovis.com\/tech-law\/wp-content\/uploads\/2019\/10\/Frau-Mann-treppe.jpg\" \/>\n<meta name=\"twitter:card\" content=\"summary_large_image\" \/>\n<meta name=\"twitter:label1\" content=\"Gesch\u00e4tzte Lesezeit\" \/>\n\t<meta name=\"twitter:data1\" content=\"1\u00a0Minute\" \/>\n<script type=\"application\/ld+json\" class=\"yoast-schema-graph\">{\"@context\":\"https:\\\/\\\/schema.org\",\"@graph\":[{\"@type\":\"WebPage\",\"@id\":\"https:\\\/\\\/www.ecovis.com\\\/tech-law\\\/leistungen\\\/ip-recht-und-wettbewerbsrecht\\\/\",\"url\":\"https:\\\/\\\/www.ecovis.com\\\/tech-law\\\/leistungen\\\/ip-recht-und-wettbewerbsrecht\\\/\",\"name\":\"IP- Recht und Wettbewerbsrecht - Tech Lawyer Berlin, Germany\",\"isPartOf\":{\"@id\":\"https:\\\/\\\/www.ecovis.com\\\/tech-law\\\/#website\"},\"primaryImageOfPage\":{\"@id\":\"https:\\\/\\\/www.ecovis.com\\\/tech-law\\\/leistungen\\\/ip-recht-und-wettbewerbsrecht\\\/#primaryimage\"},\"image\":{\"@id\":\"https:\\\/\\\/www.ecovis.com\\\/tech-law\\\/leistungen\\\/ip-recht-und-wettbewerbsrecht\\\/#primaryimage\"},\"thumbnailUrl\":\"https:\\\/\\\/www.ecovis.com\\\/tech-law\\\/wp-content\\\/uploads\\\/2019\\\/10\\\/Frau-Mann-treppe.jpg\",\"datePublished\":\"2017-02-22T09:35:43+00:00\",\"dateModified\":\"2020-09-25T13:54:44+00:00\",\"description\":\"Ecovis Berlin - Ihr Partner im IP- und Wettbewerbsrecht. Profitieren Sie von unseren kompeteten Anw\u00e4lten und kontaktieren Sie uns.\",\"breadcrumb\":{\"@id\":\"https:\\\/\\\/www.ecovis.com\\\/tech-law\\\/leistungen\\\/ip-recht-und-wettbewerbsrecht\\\/#breadcrumb\"},\"inLanguage\":\"de\",\"potentialAction\":[{\"@type\":\"ReadAction\",\"target\":[\"https:\\\/\\\/www.ecovis.com\\\/tech-law\\\/leistungen\\\/ip-recht-und-wettbewerbsrecht\\\/\"]}]},{\"@type\":\"ImageObject\",\"inLanguage\":\"de\",\"@id\":\"https:\\\/\\\/www.ecovis.com\\\/tech-law\\\/leistungen\\\/ip-recht-und-wettbewerbsrecht\\\/#primaryimage\",\"url\":\"https:\\\/\\\/www.ecovis.com\\\/tech-law\\\/wp-content\\\/uploads\\\/2019\\\/10\\\/Frau-Mann-treppe.jpg\",\"contentUrl\":\"https:\\\/\\\/www.ecovis.com\\\/tech-law\\\/wp-content\\\/uploads\\\/2019\\\/10\\\/Frau-Mann-treppe.jpg\",\"width\":3996,\"height\":4480},{\"@type\":\"BreadcrumbList\",\"@id\":\"https:\\\/\\\/www.ecovis.com\\\/tech-law\\\/leistungen\\\/ip-recht-und-wettbewerbsrecht\\\/#breadcrumb\",\"itemListElement\":[{\"@type\":\"ListItem\",\"position\":1,\"name\":\"Ecovis Global\",\"item\":\"https:\\\/\\\/www.ecovis.com\\\/\"},{\"@type\":\"ListItem\",\"position\":2,\"name\":\"Startseite\",\"item\":\"https:\\\/\\\/www.ecovis.com\\\/tech-law\\\/\"},{\"@type\":\"ListItem\",\"position\":3,\"name\":\"Leistungen\",\"item\":\"https:\\\/\\\/www.ecovis.com\\\/tech-law\\\/leistungen\\\/\"},{\"@type\":\"ListItem\",\"position\":4,\"name\":\"IP- Recht und Wettbewerbsrecht\"}]},{\"@type\":\"WebSite\",\"@id\":\"https:\\\/\\\/www.ecovis.com\\\/tech-law\\\/#website\",\"url\":\"https:\\\/\\\/www.ecovis.com\\\/tech-law\\\/\",\"name\":\"Ecovis.com\",\"description\":\"\",\"potentialAction\":[{\"@type\":\"SearchAction\",\"target\":{\"@type\":\"EntryPoint\",\"urlTemplate\":\"https:\\\/\\\/www.ecovis.com\\\/tech-law\\\/?s={search_term_string}\"},\"query-input\":{\"@type\":\"PropertyValueSpecification\",\"valueRequired\":true,\"valueName\":\"search_term_string\"}}],\"inLanguage\":\"de\"}]}<\/script>\n<!-- \/ Yoast SEO plugin. -->","yoast_head_json":{"title":"IP- Recht und Wettbewerbsrecht - Tech Lawyer Berlin, Germany","description":"Ecovis Berlin - Ihr Partner im IP- und Wettbewerbsrecht. Profitieren Sie von unseren kompeteten Anw\u00e4lten und kontaktieren Sie uns.","robots":{"index":"index","follow":"follow","max-snippet":"max-snippet:-1","max-image-preview":"max-image-preview:large","max-video-preview":"max-video-preview:-1"},"canonical":"https:\/\/www.ecovis.com\/tech-law\/leistungen\/ip-recht-und-wettbewerbsrecht\/","og_locale":"de_DE","og_type":"article","og_title":"IP- Recht und Wettbewerbsrecht - Tech Lawyer Berlin, Germany","og_description":"Ecovis Berlin - Ihr Partner im IP- und Wettbewerbsrecht. Profitieren Sie von unseren kompeteten Anw\u00e4lten und kontaktieren Sie uns.","og_url":"https:\/\/www.ecovis.com\/tech-law\/leistungen\/ip-recht-und-wettbewerbsrecht\/","og_site_name":"Technology &amp; Law","article_modified_time":"2020-09-25T13:54:44+00:00","og_image":[{"url":"https:\/\/www.ecovis.com\/tech-law\/wp-content\/uploads\/2019\/10\/Frau-Mann-treppe.jpg","type":"","width":"","height":""}],"twitter_card":"summary_large_image","twitter_misc":{"Gesch\u00e4tzte Lesezeit":"1\u00a0Minute"},"schema":{"@context":"https:\/\/schema.org","@graph":[{"@type":"WebPage","@id":"https:\/\/www.ecovis.com\/tech-law\/leistungen\/ip-recht-und-wettbewerbsrecht\/","url":"https:\/\/www.ecovis.com\/tech-law\/leistungen\/ip-recht-und-wettbewerbsrecht\/","name":"IP- Recht und Wettbewerbsrecht - Tech Lawyer Berlin, Germany","isPartOf":{"@id":"https:\/\/www.ecovis.com\/tech-law\/#website"},"primaryImageOfPage":{"@id":"https:\/\/www.ecovis.com\/tech-law\/leistungen\/ip-recht-und-wettbewerbsrecht\/#primaryimage"},"image":{"@id":"https:\/\/www.ecovis.com\/tech-law\/leistungen\/ip-recht-und-wettbewerbsrecht\/#primaryimage"},"thumbnailUrl":"https:\/\/www.ecovis.com\/tech-law\/wp-content\/uploads\/2019\/10\/Frau-Mann-treppe.jpg","datePublished":"2017-02-22T09:35:43+00:00","dateModified":"2020-09-25T13:54:44+00:00","description":"Ecovis Berlin - Ihr Partner im IP- und Wettbewerbsrecht. Profitieren Sie von unseren kompeteten Anw\u00e4lten und kontaktieren Sie uns.","breadcrumb":{"@id":"https:\/\/www.ecovis.com\/tech-law\/leistungen\/ip-recht-und-wettbewerbsrecht\/#breadcrumb"},"inLanguage":"de","potentialAction":[{"@type":"ReadAction","target":["https:\/\/www.ecovis.com\/tech-law\/leistungen\/ip-recht-und-wettbewerbsrecht\/"]}]},{"@type":"ImageObject","inLanguage":"de","@id":"https:\/\/www.ecovis.com\/tech-law\/leistungen\/ip-recht-und-wettbewerbsrecht\/#primaryimage","url":"https:\/\/www.ecovis.com\/tech-law\/wp-content\/uploads\/2019\/10\/Frau-Mann-treppe.jpg","contentUrl":"https:\/\/www.ecovis.com\/tech-law\/wp-content\/uploads\/2019\/10\/Frau-Mann-treppe.jpg","width":3996,"height":4480},{"@type":"BreadcrumbList","@id":"https:\/\/www.ecovis.com\/tech-law\/leistungen\/ip-recht-und-wettbewerbsrecht\/#breadcrumb","itemListElement":[{"@type":"ListItem","position":1,"name":"Ecovis Global","item":"https:\/\/www.ecovis.com\/"},{"@type":"ListItem","position":2,"name":"Startseite","item":"https:\/\/www.ecovis.com\/tech-law\/"},{"@type":"ListItem","position":3,"name":"Leistungen","item":"https:\/\/www.ecovis.com\/tech-law\/leistungen\/"},{"@type":"ListItem","position":4,"name":"IP- Recht und Wettbewerbsrecht"}]},{"@type":"WebSite","@id":"https:\/\/www.ecovis.com\/tech-law\/#website","url":"https:\/\/www.ecovis.com\/tech-law\/","name":"Ecovis.com","description":"","potentialAction":[{"@type":"SearchAction","target":{"@type":"EntryPoint","urlTemplate":"https:\/\/www.ecovis.com\/tech-law\/?s={search_term_string}"},"query-input":{"@type":"PropertyValueSpecification","valueRequired":true,"valueName":"search_term_string"}}],"inLanguage":"de"}]}},"_links":{"self":[{"href":"https:\/\/www.ecovis.com\/tech-law\/wp-json\/wp\/v2\/pages\/959","targetHints":{"allow":["GET"]}}],"collection":[{"href":"https:\/\/www.ecovis.com\/tech-law\/wp-json\/wp\/v2\/pages"}],"about":[{"href":"https:\/\/www.ecovis.com\/tech-law\/wp-json\/wp\/v2\/types\/page"}],"author":[{"embeddable":true,"href":"https:\/\/www.ecovis.com\/tech-law\/wp-json\/wp\/v2\/users\/1"}],"replies":[{"embeddable":true,"href":"https:\/\/www.ecovis.com\/tech-law\/wp-json\/wp\/v2\/comments?post=959"}],"version-history":[{"count":4,"href":"https:\/\/www.ecovis.com\/tech-law\/wp-json\/wp\/v2\/pages\/959\/revisions"}],"predecessor-version":[{"id":4659,"href":"https:\/\/www.ecovis.com\/tech-law\/wp-json\/wp\/v2\/pages\/959\/revisions\/4659"}],"up":[{"embeddable":true,"href":"https:\/\/www.ecovis.com\/tech-law\/wp-json\/wp\/v2\/pages\/724"}],"wp:attachment":[{"href":"https:\/\/www.ecovis.com\/tech-law\/wp-json\/wp\/v2\/media?parent=959"}],"curies":[{"name":"wp","href":"https:\/\/api.w.org\/{rel}","templated":true}]}}