{"id":957,"date":"2017-02-22T10:34:45","date_gmt":"2017-02-22T09:34:45","guid":{"rendered":"https:\/\/www.ecovis.com\/tech-law\/?page_id=957"},"modified":"2020-09-21T14:59:13","modified_gmt":"2020-09-21T12:59:13","slug":"datenschutzrecht","status":"publish","type":"page","link":"https:\/\/www.ecovis.com\/tech-law\/leistungen\/datenschutzrecht\/","title":{"rendered":"Datenschutzrecht"},"content":{"rendered":"<p><a href=\"https:\/\/www.ecovis.com\/tech-law\/?s=Datenschutz\">Das Datenschutzrecht<\/a> regelt den Umgang mit pers\u00f6nlichen Daten und anderen rechtlich gesch\u00fctzten Geheimnissen.\u00a0 Es sch\u00fctzt nicht nur vor rechtsmissbr\u00e4uchlicher Datenverarbeitung, sondern gew\u00e4hrt grunds\u00e4tzlich jedem Menschen das Recht selbst zu entscheiden, wann, wie und durch wen ein Zugriff auf seine pers\u00f6nlichen Daten erfolgen soll oder nicht. Eng verkn\u00fcpft ist das Datenschutzrecht auch mit dem gewerblichen Rechtsschutz und dem Wettbewerbsrecht.<\/p>\n<h3>Unsere Leistungen:<\/h3>\n<ul>\n<li>Externe <strong>Datenschutzbeauftragte<img loading=\"lazy\" decoding=\"async\" class=\"alignright wp-image-2903\" src=\"https:\/\/www.ecovis.com\/tech-law\/wp-content\/uploads\/2019\/10\/Sch\u00f6nfelder.jpg\" alt=\"Datenschutzrecht\" width=\"223\" height=\"334\" \/><\/strong><\/li>\n<li>Beratung bez\u00fcglich des <strong>Umgangs mit personenbezogenen Daten<\/strong><\/li>\n<li>Erstellung &amp; \u00dcberpr\u00fcfung von <strong>Datenschutzerkl\u00e4rungen<\/strong><\/li>\n<li>Erstellung von <strong>Binding Corporate Rules<\/strong> (BCR)<\/li>\n<li>Erstellung von <strong>Datenschutzkonzepten<\/strong> sowohl auf nationaler als auch auf internationaler Ebene<\/li>\n<li>Gestaltung &amp; Pr\u00fcfung von Vertr\u00e4gen f\u00fcr die <strong>Auftragsdatenverarbeitung<\/strong> (ADV)<\/li>\n<li>Au\u00dfergerichtliche &amp; gerichtliche Vertretung<\/li>\n<\/ul>\n<p><em>Vermeiden Sie <strong>hohe Strafen<\/strong> seitens der Datenschutzbeh\u00f6rden durch eine fr\u00fchestm\u00f6gliche Beratung und <a href=\"https:\/\/www.ecovis.com\/tech-law\/anwaelte\/\">kontaktieren Sie uns jetzt!<\/a><\/em><\/p>\n<h3><\/h3>\n<h3>Ihr Ansprechpartner bei Fragen<\/h3>\n<p style=\"text-align: left;\"><div class=\"su-row\"><div class=\"su-column su-column-size-1-6\"><div class=\"su-column-inner su-u-clearfix su-u-trim\"><img loading=\"lazy\" decoding=\"async\" class=\"alignnone wp-image-3773\" src=\"https:\/\/www.ecovis.com\/tech-law\/wp-content\/uploads\/2020\/03\/bodem_marcus.jpg\" alt=\"Marcus Bodem\" width=\"80\" height=\"102\" \/><\/div><\/div>\n<div class=\"su-column su-column-size-5-6\"><div class=\"su-column-inner su-u-clearfix su-u-trim\"><a href=\"https:\/\/www.ecovis.com\/berlin-erp\/berater\/marcus-bodem\/\" target=\"_blank\" rel=\"noopener noreferrer\">Marcus Bodem M.A.<\/a><br \/>\nRechtsanwalt<br \/>\nTelefon: +49 30 310 008 8<br \/>\nE-Mail: <a href=\"mailto:marcus.bodem@ecovis.com\">marcus.bodem@ecovis.com<\/a><\/div><\/div><\/div>\n","protected":false},"excerpt":{"rendered":"<p>Das Datenschutzrecht regelt den Umgang mit pers\u00f6nlichen Daten und anderen rechtlich gesch\u00fctzten Geheimnissen.\u00a0 Es sch\u00fctzt nicht nur vor rechtsmissbr\u00e4uchlicher Datenverarbeitung, sondern gew\u00e4hrt grunds\u00e4tzlich jedem Menschen das Recht selbst zu entscheiden, wann, wie und durch wen ein Zugriff auf seine pers\u00f6nlichen Daten erfolgen soll oder nicht. Eng verkn\u00fcpft ist das Datenschutzrecht auch mit dem gewerblichen Rechtsschutz [&hellip;]<\/p>\n","protected":false},"author":1,"featured_media":4016,"parent":724,"menu_order":1,"comment_status":"closed","ping_status":"closed","template":"","meta":{"_acf_changed":false,"footnotes":""},"class_list":["post-957","page","type-page","status-publish","has-post-thumbnail","hentry"],"acf":[],"yoast_head":"<!-- This site is optimized with the Yoast SEO plugin v27.3 - https:\/\/yoast.com\/product\/yoast-seo-wordpress\/ -->\n<title>Datenschutzrecht - Tech Lawyer Berlin, Germany<\/title>\n<meta name=\"description\" content=\"Ecovis Berlin - Ihr Partner im Datenschutzrecht. Profitieren Sie von unserer Expertise und kontaktieren Sie uns. Ecovis - Pers\u00f6nlich gut beraten!\" \/>\n<meta name=\"robots\" content=\"index, follow, max-snippet:-1, max-image-preview:large, max-video-preview:-1\" \/>\n<link rel=\"canonical\" href=\"https:\/\/www.ecovis.com\/tech-law\/leistungen\/datenschutzrecht\/\" \/>\n<meta property=\"og:locale\" content=\"de_DE\" \/>\n<meta property=\"og:type\" content=\"article\" \/>\n<meta property=\"og:title\" content=\"Datenschutzrecht - Tech Lawyer Berlin, Germany\" \/>\n<meta property=\"og:description\" content=\"Ecovis Berlin - Ihr Partner im Datenschutzrecht. Profitieren Sie von unserer Expertise und kontaktieren Sie uns. Ecovis - Pers\u00f6nlich gut beraten!\" \/>\n<meta property=\"og:url\" content=\"https:\/\/www.ecovis.com\/tech-law\/leistungen\/datenschutzrecht\/\" \/>\n<meta property=\"og:site_name\" content=\"Technology &amp; Law\" \/>\n<meta property=\"article:modified_time\" content=\"2020-09-21T12:59:13+00:00\" \/>\n<meta property=\"og:image\" content=\"https:\/\/www.ecovis.com\/tech-law\/wp-content\/uploads\/2020\/04\/regulation-3246979_1280.jpg\" \/>\n\t<meta property=\"og:image:width\" content=\"1280\" \/>\n\t<meta property=\"og:image:height\" content=\"600\" \/>\n\t<meta property=\"og:image:type\" content=\"image\/jpeg\" \/>\n<meta name=\"twitter:card\" content=\"summary_large_image\" \/>\n<meta name=\"twitter:label1\" content=\"Gesch\u00e4tzte Lesezeit\" \/>\n\t<meta name=\"twitter:data1\" content=\"1\u00a0Minute\" \/>\n<script type=\"application\/ld+json\" class=\"yoast-schema-graph\">{\"@context\":\"https:\\\/\\\/schema.org\",\"@graph\":[{\"@type\":\"WebPage\",\"@id\":\"https:\\\/\\\/www.ecovis.com\\\/tech-law\\\/leistungen\\\/datenschutzrecht\\\/\",\"url\":\"https:\\\/\\\/www.ecovis.com\\\/tech-law\\\/leistungen\\\/datenschutzrecht\\\/\",\"name\":\"Datenschutzrecht - Tech Lawyer Berlin, Germany\",\"isPartOf\":{\"@id\":\"https:\\\/\\\/www.ecovis.com\\\/tech-law\\\/#website\"},\"primaryImageOfPage\":{\"@id\":\"https:\\\/\\\/www.ecovis.com\\\/tech-law\\\/leistungen\\\/datenschutzrecht\\\/#primaryimage\"},\"image\":{\"@id\":\"https:\\\/\\\/www.ecovis.com\\\/tech-law\\\/leistungen\\\/datenschutzrecht\\\/#primaryimage\"},\"thumbnailUrl\":\"https:\\\/\\\/www.ecovis.com\\\/tech-law\\\/wp-content\\\/uploads\\\/2020\\\/04\\\/regulation-3246979_1280.jpg\",\"datePublished\":\"2017-02-22T09:34:45+00:00\",\"dateModified\":\"2020-09-21T12:59:13+00:00\",\"description\":\"Ecovis Berlin - Ihr Partner im Datenschutzrecht. Profitieren Sie von unserer Expertise und kontaktieren Sie uns. Ecovis - Pers\u00f6nlich gut beraten!\",\"breadcrumb\":{\"@id\":\"https:\\\/\\\/www.ecovis.com\\\/tech-law\\\/leistungen\\\/datenschutzrecht\\\/#breadcrumb\"},\"inLanguage\":\"de\",\"potentialAction\":[{\"@type\":\"ReadAction\",\"target\":[\"https:\\\/\\\/www.ecovis.com\\\/tech-law\\\/leistungen\\\/datenschutzrecht\\\/\"]}]},{\"@type\":\"ImageObject\",\"inLanguage\":\"de\",\"@id\":\"https:\\\/\\\/www.ecovis.com\\\/tech-law\\\/leistungen\\\/datenschutzrecht\\\/#primaryimage\",\"url\":\"https:\\\/\\\/www.ecovis.com\\\/tech-law\\\/wp-content\\\/uploads\\\/2020\\\/04\\\/regulation-3246979_1280.jpg\",\"contentUrl\":\"https:\\\/\\\/www.ecovis.com\\\/tech-law\\\/wp-content\\\/uploads\\\/2020\\\/04\\\/regulation-3246979_1280.jpg\",\"width\":1280,\"height\":600,\"caption\":\"Datenschutz\"},{\"@type\":\"BreadcrumbList\",\"@id\":\"https:\\\/\\\/www.ecovis.com\\\/tech-law\\\/leistungen\\\/datenschutzrecht\\\/#breadcrumb\",\"itemListElement\":[{\"@type\":\"ListItem\",\"position\":1,\"name\":\"Ecovis Global\",\"item\":\"https:\\\/\\\/www.ecovis.com\\\/\"},{\"@type\":\"ListItem\",\"position\":2,\"name\":\"Startseite\",\"item\":\"https:\\\/\\\/www.ecovis.com\\\/tech-law\\\/\"},{\"@type\":\"ListItem\",\"position\":3,\"name\":\"Leistungen\",\"item\":\"https:\\\/\\\/www.ecovis.com\\\/tech-law\\\/leistungen\\\/\"},{\"@type\":\"ListItem\",\"position\":4,\"name\":\"Datenschutzrecht\"}]},{\"@type\":\"WebSite\",\"@id\":\"https:\\\/\\\/www.ecovis.com\\\/tech-law\\\/#website\",\"url\":\"https:\\\/\\\/www.ecovis.com\\\/tech-law\\\/\",\"name\":\"Ecovis.com\",\"description\":\"\",\"potentialAction\":[{\"@type\":\"SearchAction\",\"target\":{\"@type\":\"EntryPoint\",\"urlTemplate\":\"https:\\\/\\\/www.ecovis.com\\\/tech-law\\\/?s={search_term_string}\"},\"query-input\":{\"@type\":\"PropertyValueSpecification\",\"valueRequired\":true,\"valueName\":\"search_term_string\"}}],\"inLanguage\":\"de\"}]}<\/script>\n<!-- \/ Yoast SEO plugin. -->","yoast_head_json":{"title":"Datenschutzrecht - Tech Lawyer Berlin, Germany","description":"Ecovis Berlin - Ihr Partner im Datenschutzrecht. Profitieren Sie von unserer Expertise und kontaktieren Sie uns. Ecovis - Pers\u00f6nlich gut beraten!","robots":{"index":"index","follow":"follow","max-snippet":"max-snippet:-1","max-image-preview":"max-image-preview:large","max-video-preview":"max-video-preview:-1"},"canonical":"https:\/\/www.ecovis.com\/tech-law\/leistungen\/datenschutzrecht\/","og_locale":"de_DE","og_type":"article","og_title":"Datenschutzrecht - Tech Lawyer Berlin, Germany","og_description":"Ecovis Berlin - Ihr Partner im Datenschutzrecht. Profitieren Sie von unserer Expertise und kontaktieren Sie uns. Ecovis - Pers\u00f6nlich gut beraten!","og_url":"https:\/\/www.ecovis.com\/tech-law\/leistungen\/datenschutzrecht\/","og_site_name":"Technology &amp; Law","article_modified_time":"2020-09-21T12:59:13+00:00","og_image":[{"width":1280,"height":600,"url":"https:\/\/www.ecovis.com\/tech-law\/wp-content\/uploads\/2020\/04\/regulation-3246979_1280.jpg","type":"image\/jpeg"}],"twitter_card":"summary_large_image","twitter_misc":{"Gesch\u00e4tzte Lesezeit":"1\u00a0Minute"},"schema":{"@context":"https:\/\/schema.org","@graph":[{"@type":"WebPage","@id":"https:\/\/www.ecovis.com\/tech-law\/leistungen\/datenschutzrecht\/","url":"https:\/\/www.ecovis.com\/tech-law\/leistungen\/datenschutzrecht\/","name":"Datenschutzrecht - Tech Lawyer Berlin, Germany","isPartOf":{"@id":"https:\/\/www.ecovis.com\/tech-law\/#website"},"primaryImageOfPage":{"@id":"https:\/\/www.ecovis.com\/tech-law\/leistungen\/datenschutzrecht\/#primaryimage"},"image":{"@id":"https:\/\/www.ecovis.com\/tech-law\/leistungen\/datenschutzrecht\/#primaryimage"},"thumbnailUrl":"https:\/\/www.ecovis.com\/tech-law\/wp-content\/uploads\/2020\/04\/regulation-3246979_1280.jpg","datePublished":"2017-02-22T09:34:45+00:00","dateModified":"2020-09-21T12:59:13+00:00","description":"Ecovis Berlin - Ihr Partner im Datenschutzrecht. Profitieren Sie von unserer Expertise und kontaktieren Sie uns. Ecovis - Pers\u00f6nlich gut beraten!","breadcrumb":{"@id":"https:\/\/www.ecovis.com\/tech-law\/leistungen\/datenschutzrecht\/#breadcrumb"},"inLanguage":"de","potentialAction":[{"@type":"ReadAction","target":["https:\/\/www.ecovis.com\/tech-law\/leistungen\/datenschutzrecht\/"]}]},{"@type":"ImageObject","inLanguage":"de","@id":"https:\/\/www.ecovis.com\/tech-law\/leistungen\/datenschutzrecht\/#primaryimage","url":"https:\/\/www.ecovis.com\/tech-law\/wp-content\/uploads\/2020\/04\/regulation-3246979_1280.jpg","contentUrl":"https:\/\/www.ecovis.com\/tech-law\/wp-content\/uploads\/2020\/04\/regulation-3246979_1280.jpg","width":1280,"height":600,"caption":"Datenschutz"},{"@type":"BreadcrumbList","@id":"https:\/\/www.ecovis.com\/tech-law\/leistungen\/datenschutzrecht\/#breadcrumb","itemListElement":[{"@type":"ListItem","position":1,"name":"Ecovis Global","item":"https:\/\/www.ecovis.com\/"},{"@type":"ListItem","position":2,"name":"Startseite","item":"https:\/\/www.ecovis.com\/tech-law\/"},{"@type":"ListItem","position":3,"name":"Leistungen","item":"https:\/\/www.ecovis.com\/tech-law\/leistungen\/"},{"@type":"ListItem","position":4,"name":"Datenschutzrecht"}]},{"@type":"WebSite","@id":"https:\/\/www.ecovis.com\/tech-law\/#website","url":"https:\/\/www.ecovis.com\/tech-law\/","name":"Ecovis.com","description":"","potentialAction":[{"@type":"SearchAction","target":{"@type":"EntryPoint","urlTemplate":"https:\/\/www.ecovis.com\/tech-law\/?s={search_term_string}"},"query-input":{"@type":"PropertyValueSpecification","valueRequired":true,"valueName":"search_term_string"}}],"inLanguage":"de"}]}},"_links":{"self":[{"href":"https:\/\/www.ecovis.com\/tech-law\/wp-json\/wp\/v2\/pages\/957","targetHints":{"allow":["GET"]}}],"collection":[{"href":"https:\/\/www.ecovis.com\/tech-law\/wp-json\/wp\/v2\/pages"}],"about":[{"href":"https:\/\/www.ecovis.com\/tech-law\/wp-json\/wp\/v2\/types\/page"}],"author":[{"embeddable":true,"href":"https:\/\/www.ecovis.com\/tech-law\/wp-json\/wp\/v2\/users\/1"}],"replies":[{"embeddable":true,"href":"https:\/\/www.ecovis.com\/tech-law\/wp-json\/wp\/v2\/comments?post=957"}],"version-history":[{"count":4,"href":"https:\/\/www.ecovis.com\/tech-law\/wp-json\/wp\/v2\/pages\/957\/revisions"}],"predecessor-version":[{"id":4642,"href":"https:\/\/www.ecovis.com\/tech-law\/wp-json\/wp\/v2\/pages\/957\/revisions\/4642"}],"up":[{"embeddable":true,"href":"https:\/\/www.ecovis.com\/tech-law\/wp-json\/wp\/v2\/pages\/724"}],"wp:featuredmedia":[{"embeddable":true,"href":"https:\/\/www.ecovis.com\/tech-law\/wp-json\/wp\/v2\/media\/4016"}],"wp:attachment":[{"href":"https:\/\/www.ecovis.com\/tech-law\/wp-json\/wp\/v2\/media?parent=957"}],"curies":[{"name":"wp","href":"https:\/\/api.w.org\/{rel}","templated":true}]}}