{"id":935,"date":"2017-02-21T14:44:30","date_gmt":"2017-02-21T13:44:30","guid":{"rendered":"https:\/\/www.ecovis.com\/tech-law\/?page_id=935"},"modified":"2020-09-21T09:09:32","modified_gmt":"2020-09-21T07:09:32","slug":"lutz-beyermann","status":"publish","type":"page","link":"https:\/\/www.ecovis.com\/tech-law\/anwaelte\/lutz-beyermann\/","title":{"rendered":"Lutz Beyermann LL.M."},"content":{"rendered":"<div class=\"su-row\"><div class=\"su-column su-column-size-2-3\"><div class=\"su-column-inner su-u-clearfix su-u-trim\">\n<h3>Beruf\/Titel<\/h3>\n<ul>\n<li>Rechtsanwalt<\/li>\n<li>Fachanwalt Steuerrecht, Handels- und Gesellschaftsrecht<\/li>\n<\/ul>\n<h3>Beratungsschwerpunkte:<\/h3>\n<ul>\n<li><a href=\"https:\/\/www.ecovis.com\/berlin-erp\/beratungsschwerpunkte\/bauwirtschaft-und-immobilien\/\">Bauwirtschaft und Immobilien<\/a><\/li>\n<li><a href=\"https:\/\/www.ecovis.com\/berlin-erp\/beratungsschwerpunkte\/bau-und-immobilienrecht\/\">Bau- und Immobilienrecht<\/a><\/li>\n<li><a href=\"https:\/\/www.ecovis.com\/berlin-erp\/beratungsschwerpunkte\/dienstleistung-und-freie-berufe\/\">Dienstleistung und freie Berufe<\/a><\/li>\n<li><a href=\"https:\/\/www.ecovis.com\/berlin-erp\/beratungsschwerpunkte\/gesundheitswesen\/\">Gesundheitswesen<\/a><\/li>\n<li><a href=\"https:\/\/www.ecovis.com\/berlin-erp\/beratungsschwerpunkte\/handel\/\">Handel<\/a><\/li>\n<li><a href=\"https:\/\/www.ecovis.com\/berlin-erp\/beratungsschwerpunkte\/handwerk\/\">Handwerk<\/a><\/li>\n<li><a href=\"https:\/\/www.ecovis.com\/berlin-erp\/beratungsschwerpunkte\/it\/\">IT<\/a><\/li>\n<li><a href=\"https:\/\/www.ecovis.com\/berlin-erp\/beratungsschwerpunkte\/it-recht\/\">IT-Recht<\/a><\/li>\n<li><a href=\"https:\/\/www.ecovis.com\/berlin-erp\/beratungsschwerpunkte\/logistik-und-verkehr\/\">Logistik und Verkehr<\/a><\/li>\n<li><a href=\"https:\/\/www.ecovis.com\/berlin-erp\/beratungsschwerpunkte\/sanierungsberatung\/\">Restrukturierung, Sanierung<\/a><\/li>\n<li><a href=\"https:\/\/www.ecovis.com\/berlin-erp\/beratungsschwerpunkte\/unternehmenskauf-und-verkauf\/\">Unternehmenskauf und -verkauf<\/a><\/li>\n<\/ul>\n<h3>Schwerpunkte:<\/h3>\n<ul>\n<li>Startups<\/li>\n<li>Banken + Kapitaldienstleistung<\/li>\n<li>Immobilien + Baurecht<\/li>\n<li>Erschlie\u00dfungstr\u00e4gergesellschaften<\/li>\n<li>Franchiseunternehmen<\/li>\n<li>Prozessvertretung + Schiedsgericht<\/li>\n<li>Schlichtung + Mediation<\/li>\n<li>Unternehmen + Steuern<\/li>\n<li>Unternehmen + Vertr\u00e4ge<\/li>\n<li>Unternehmen in der Krise<\/li>\n<\/ul>\n<\/div><\/div>\n<div class=\"su-column su-column-size-1-3\"><div class=\"su-column-inner su-u-clearfix su-u-trim\">\n<img loading=\"lazy\" decoding=\"async\" class=\"alignnone\" src=\"https:\/\/www.ecovis.com\/de\/fileadmin\/berater\/180\/beyermann_lutz.jpg\" alt=\"Lutz Beyermann LL.M.\" width=\"180\" height=\"230\" \/><\/p>\n<h3>Kontakt:<\/h3>\n<p>Ernst Reuter Platz 10<br \/>\n10587 Berlin<\/p>\n<p>Tel.: +49 30 31 000 88<br \/>\nFax: +49 30 31 000 895<br \/>\n<a href=\"mailto:info-berlin@ecovis.com\">E-Mail<\/a><br \/>\n<a href=\"https:\/\/www.ecovis.com\/berlin-erp\" target=\"_blank\" rel=\"noopener noreferrer\">www.ecovis.com\/berlin-erp<\/a><br \/>\n<\/div><\/div><\/div>\n","protected":false},"excerpt":{"rendered":"","protected":false},"author":1,"featured_media":0,"parent":933,"menu_order":1,"comment_status":"closed","ping_status":"closed","template":"","meta":{"_acf_changed":false,"footnotes":""},"class_list":["post-935","page","type-page","status-publish","hentry"],"acf":[],"yoast_head":"<!-- This site is optimized with the Yoast SEO plugin v27.3 - https:\/\/yoast.com\/product\/yoast-seo-wordpress\/ -->\n<title>Lutz Beyermann LL.M. - Tech Lawyer Berlin, Germany<\/title>\n<meta name=\"description\" content=\"Rechtsanwalt Lutz Beyermann LL.M. ist Ihr Ansprechpartner in den Bereichen Technologie und Recht f\u00fcr Gr\u00fcnder. Ecovis - Pers\u00f6nlich gut beraten!\" \/>\n<meta name=\"robots\" content=\"index, follow, max-snippet:-1, max-image-preview:large, max-video-preview:-1\" \/>\n<link rel=\"canonical\" href=\"https:\/\/www.ecovis.com\/tech-law\/anwaelte\/lutz-beyermann\/\" \/>\n<meta property=\"og:locale\" content=\"de_DE\" \/>\n<meta property=\"og:type\" content=\"article\" \/>\n<meta property=\"og:title\" content=\"Lutz Beyermann LL.M. - Tech Lawyer Berlin, Germany\" \/>\n<meta property=\"og:description\" content=\"Rechtsanwalt Lutz Beyermann LL.M. ist Ihr Ansprechpartner in den Bereichen Technologie und Recht f\u00fcr Gr\u00fcnder. Ecovis - Pers\u00f6nlich gut beraten!\" \/>\n<meta property=\"og:url\" content=\"https:\/\/www.ecovis.com\/tech-law\/anwaelte\/lutz-beyermann\/\" \/>\n<meta property=\"og:site_name\" content=\"Technology &amp; Law\" \/>\n<meta property=\"article:modified_time\" content=\"2020-09-21T07:09:32+00:00\" \/>\n<meta property=\"og:image\" content=\"https:\/\/www.ecovis.com\/de\/fileadmin\/berater\/180\/beyermann_lutz.jpg\" \/>\n<meta name=\"twitter:card\" content=\"summary_large_image\" \/>\n<script type=\"application\/ld+json\" class=\"yoast-schema-graph\">{\"@context\":\"https:\\\/\\\/schema.org\",\"@graph\":[{\"@type\":\"WebPage\",\"@id\":\"https:\\\/\\\/www.ecovis.com\\\/tech-law\\\/anwaelte\\\/lutz-beyermann\\\/\",\"url\":\"https:\\\/\\\/www.ecovis.com\\\/tech-law\\\/anwaelte\\\/lutz-beyermann\\\/\",\"name\":\"Lutz Beyermann LL.M. - Tech Lawyer Berlin, Germany\",\"isPartOf\":{\"@id\":\"https:\\\/\\\/www.ecovis.com\\\/tech-law\\\/#website\"},\"primaryImageOfPage\":{\"@id\":\"https:\\\/\\\/www.ecovis.com\\\/tech-law\\\/anwaelte\\\/lutz-beyermann\\\/#primaryimage\"},\"image\":{\"@id\":\"https:\\\/\\\/www.ecovis.com\\\/tech-law\\\/anwaelte\\\/lutz-beyermann\\\/#primaryimage\"},\"thumbnailUrl\":\"https:\\\/\\\/www.ecovis.com\\\/de\\\/fileadmin\\\/berater\\\/180\\\/beyermann_lutz.jpg\",\"datePublished\":\"2017-02-21T13:44:30+00:00\",\"dateModified\":\"2020-09-21T07:09:32+00:00\",\"description\":\"Rechtsanwalt Lutz Beyermann LL.M. ist Ihr Ansprechpartner in den Bereichen Technologie und Recht f\u00fcr Gr\u00fcnder. Ecovis - Pers\u00f6nlich gut beraten!\",\"breadcrumb\":{\"@id\":\"https:\\\/\\\/www.ecovis.com\\\/tech-law\\\/anwaelte\\\/lutz-beyermann\\\/#breadcrumb\"},\"inLanguage\":\"de\",\"potentialAction\":[{\"@type\":\"ReadAction\",\"target\":[\"https:\\\/\\\/www.ecovis.com\\\/tech-law\\\/anwaelte\\\/lutz-beyermann\\\/\"]}]},{\"@type\":\"ImageObject\",\"inLanguage\":\"de\",\"@id\":\"https:\\\/\\\/www.ecovis.com\\\/tech-law\\\/anwaelte\\\/lutz-beyermann\\\/#primaryimage\",\"url\":\"https:\\\/\\\/www.ecovis.com\\\/de\\\/fileadmin\\\/berater\\\/180\\\/beyermann_lutz.jpg\",\"contentUrl\":\"https:\\\/\\\/www.ecovis.com\\\/de\\\/fileadmin\\\/berater\\\/180\\\/beyermann_lutz.jpg\"},{\"@type\":\"BreadcrumbList\",\"@id\":\"https:\\\/\\\/www.ecovis.com\\\/tech-law\\\/anwaelte\\\/lutz-beyermann\\\/#breadcrumb\",\"itemListElement\":[{\"@type\":\"ListItem\",\"position\":1,\"name\":\"Ecovis Global\",\"item\":\"https:\\\/\\\/www.ecovis.com\\\/\"},{\"@type\":\"ListItem\",\"position\":2,\"name\":\"Startseite\",\"item\":\"https:\\\/\\\/www.ecovis.com\\\/tech-law\\\/\"},{\"@type\":\"ListItem\",\"position\":3,\"name\":\"Anw\u00e4lte\",\"item\":\"https:\\\/\\\/www.ecovis.com\\\/tech-law\\\/anwaelte\\\/\"},{\"@type\":\"ListItem\",\"position\":4,\"name\":\"Lutz Beyermann LL.M.\"}]},{\"@type\":\"WebSite\",\"@id\":\"https:\\\/\\\/www.ecovis.com\\\/tech-law\\\/#website\",\"url\":\"https:\\\/\\\/www.ecovis.com\\\/tech-law\\\/\",\"name\":\"Ecovis.com\",\"description\":\"\",\"potentialAction\":[{\"@type\":\"SearchAction\",\"target\":{\"@type\":\"EntryPoint\",\"urlTemplate\":\"https:\\\/\\\/www.ecovis.com\\\/tech-law\\\/?s={search_term_string}\"},\"query-input\":{\"@type\":\"PropertyValueSpecification\",\"valueRequired\":true,\"valueName\":\"search_term_string\"}}],\"inLanguage\":\"de\"}]}<\/script>\n<!-- \/ Yoast SEO plugin. -->","yoast_head_json":{"title":"Lutz Beyermann LL.M. - Tech Lawyer Berlin, Germany","description":"Rechtsanwalt Lutz Beyermann LL.M. ist Ihr Ansprechpartner in den Bereichen Technologie und Recht f\u00fcr Gr\u00fcnder. Ecovis - Pers\u00f6nlich gut beraten!","robots":{"index":"index","follow":"follow","max-snippet":"max-snippet:-1","max-image-preview":"max-image-preview:large","max-video-preview":"max-video-preview:-1"},"canonical":"https:\/\/www.ecovis.com\/tech-law\/anwaelte\/lutz-beyermann\/","og_locale":"de_DE","og_type":"article","og_title":"Lutz Beyermann LL.M. - Tech Lawyer Berlin, Germany","og_description":"Rechtsanwalt Lutz Beyermann LL.M. ist Ihr Ansprechpartner in den Bereichen Technologie und Recht f\u00fcr Gr\u00fcnder. Ecovis - Pers\u00f6nlich gut beraten!","og_url":"https:\/\/www.ecovis.com\/tech-law\/anwaelte\/lutz-beyermann\/","og_site_name":"Technology &amp; Law","article_modified_time":"2020-09-21T07:09:32+00:00","og_image":[{"url":"https:\/\/www.ecovis.com\/de\/fileadmin\/berater\/180\/beyermann_lutz.jpg","type":"","width":"","height":""}],"twitter_card":"summary_large_image","schema":{"@context":"https:\/\/schema.org","@graph":[{"@type":"WebPage","@id":"https:\/\/www.ecovis.com\/tech-law\/anwaelte\/lutz-beyermann\/","url":"https:\/\/www.ecovis.com\/tech-law\/anwaelte\/lutz-beyermann\/","name":"Lutz Beyermann LL.M. - Tech Lawyer Berlin, Germany","isPartOf":{"@id":"https:\/\/www.ecovis.com\/tech-law\/#website"},"primaryImageOfPage":{"@id":"https:\/\/www.ecovis.com\/tech-law\/anwaelte\/lutz-beyermann\/#primaryimage"},"image":{"@id":"https:\/\/www.ecovis.com\/tech-law\/anwaelte\/lutz-beyermann\/#primaryimage"},"thumbnailUrl":"https:\/\/www.ecovis.com\/de\/fileadmin\/berater\/180\/beyermann_lutz.jpg","datePublished":"2017-02-21T13:44:30+00:00","dateModified":"2020-09-21T07:09:32+00:00","description":"Rechtsanwalt Lutz Beyermann LL.M. ist Ihr Ansprechpartner in den Bereichen Technologie und Recht f\u00fcr Gr\u00fcnder. Ecovis - Pers\u00f6nlich gut beraten!","breadcrumb":{"@id":"https:\/\/www.ecovis.com\/tech-law\/anwaelte\/lutz-beyermann\/#breadcrumb"},"inLanguage":"de","potentialAction":[{"@type":"ReadAction","target":["https:\/\/www.ecovis.com\/tech-law\/anwaelte\/lutz-beyermann\/"]}]},{"@type":"ImageObject","inLanguage":"de","@id":"https:\/\/www.ecovis.com\/tech-law\/anwaelte\/lutz-beyermann\/#primaryimage","url":"https:\/\/www.ecovis.com\/de\/fileadmin\/berater\/180\/beyermann_lutz.jpg","contentUrl":"https:\/\/www.ecovis.com\/de\/fileadmin\/berater\/180\/beyermann_lutz.jpg"},{"@type":"BreadcrumbList","@id":"https:\/\/www.ecovis.com\/tech-law\/anwaelte\/lutz-beyermann\/#breadcrumb","itemListElement":[{"@type":"ListItem","position":1,"name":"Ecovis Global","item":"https:\/\/www.ecovis.com\/"},{"@type":"ListItem","position":2,"name":"Startseite","item":"https:\/\/www.ecovis.com\/tech-law\/"},{"@type":"ListItem","position":3,"name":"Anw\u00e4lte","item":"https:\/\/www.ecovis.com\/tech-law\/anwaelte\/"},{"@type":"ListItem","position":4,"name":"Lutz Beyermann LL.M."}]},{"@type":"WebSite","@id":"https:\/\/www.ecovis.com\/tech-law\/#website","url":"https:\/\/www.ecovis.com\/tech-law\/","name":"Ecovis.com","description":"","potentialAction":[{"@type":"SearchAction","target":{"@type":"EntryPoint","urlTemplate":"https:\/\/www.ecovis.com\/tech-law\/?s={search_term_string}"},"query-input":{"@type":"PropertyValueSpecification","valueRequired":true,"valueName":"search_term_string"}}],"inLanguage":"de"}]}},"_links":{"self":[{"href":"https:\/\/www.ecovis.com\/tech-law\/wp-json\/wp\/v2\/pages\/935","targetHints":{"allow":["GET"]}}],"collection":[{"href":"https:\/\/www.ecovis.com\/tech-law\/wp-json\/wp\/v2\/pages"}],"about":[{"href":"https:\/\/www.ecovis.com\/tech-law\/wp-json\/wp\/v2\/types\/page"}],"author":[{"embeddable":true,"href":"https:\/\/www.ecovis.com\/tech-law\/wp-json\/wp\/v2\/users\/1"}],"replies":[{"embeddable":true,"href":"https:\/\/www.ecovis.com\/tech-law\/wp-json\/wp\/v2\/comments?post=935"}],"version-history":[{"count":4,"href":"https:\/\/www.ecovis.com\/tech-law\/wp-json\/wp\/v2\/pages\/935\/revisions"}],"predecessor-version":[{"id":4528,"href":"https:\/\/www.ecovis.com\/tech-law\/wp-json\/wp\/v2\/pages\/935\/revisions\/4528"}],"up":[{"embeddable":true,"href":"https:\/\/www.ecovis.com\/tech-law\/wp-json\/wp\/v2\/pages\/933"}],"wp:attachment":[{"href":"https:\/\/www.ecovis.com\/tech-law\/wp-json\/wp\/v2\/media?parent=935"}],"curies":[{"name":"wp","href":"https:\/\/api.w.org\/{rel}","templated":true}]}}