{"id":903,"date":"2016-11-07T17:39:29","date_gmt":"2016-11-07T16:39:29","guid":{"rendered":"https:\/\/www.ecovis.com\/tech-law\/?page_id=903"},"modified":"2020-09-21T15:15:48","modified_gmt":"2020-09-21T13:15:48","slug":"partner-technologierecht","status":"publish","type":"page","link":"https:\/\/www.ecovis.com\/tech-law\/partner-technologierecht\/","title":{"rendered":"Was ist Tech Law?"},"content":{"rendered":"<h3>Ihr Partner im Technologierecht (Tech Law)<\/h3>\n<p>Das Technologierecht (Tech Law; oder auch Technology Law) \u2013 das ist im engeren Sinne<em> das Urheberrecht, Designrecht-, Gebrauchsmuster- und Patentrecht, Markenrecht, IT-Recht und Datenschutzrecht<\/em>.<\/p>\n<p>Nach unserer Erfahrung sind aber <strong>technologie- und wissensbasierte, kreative Unternehmen<\/strong> mit einer Vielzahl von besonderen Rechtsfragen konfrontiert, die \u00fcber den Schutz des <a href=\"https:\/\/de.wikipedia.org\/wiki\/Geistiges_Eigentum\" target=\"_blank\" rel=\"noopener noreferrer\">geistigen Eigentums<\/a> und den Datenschutz hinausgehen. Deshalb verstehen wir unter Technologierecht die umfassende rechtliche Beratung technologie- und wissensbasierter, kreativer Unternehmen von der Gr\u00fcndung als Start Up \u00fcber den gesamten Lebenszyklus des Unternehmens bis hin zum Verkauf oder der Unternehmensnachfolge.<\/p>\n<p><img loading=\"lazy\" decoding=\"async\" class=\" wp-image-1411 alignleft\" src=\"https:\/\/www.ecovis.com\/tech-law\/wp-content\/uploads\/2019\/07\/Standorte_1_JBM6482_angebot.jpg\" alt=\"Ecovis weltweit\" width=\"506\" height=\"306\" srcset=\"https:\/\/www.ecovis.com\/tech-law\/wp-content\/uploads\/2019\/07\/Standorte_1_JBM6482_angebot.jpg 1018w, https:\/\/www.ecovis.com\/tech-law\/wp-content\/uploads\/2019\/07\/Standorte_1_JBM6482_angebot-300x182.jpg 300w, https:\/\/www.ecovis.com\/tech-law\/wp-content\/uploads\/2019\/07\/Standorte_1_JBM6482_angebot-768x465.jpg 768w\" sizes=\"auto, (max-width: 506px) 100vw, 506px\" \/><a href=\"https:\/\/www.ecovis.com\/tech-law\/anwaelte\/\">Wir begleiten Sie<\/a> bei der <a href=\"https:\/\/www.ecovis.com\/berlin-gruendung\/gruendungstool\" target=\"_blank\" rel=\"noopener noreferrer\"><strong>Gr\u00fcndung Ihres Unternehmens<\/strong><\/a>, als Einzelunternehmen, UG (Unternehmergesellschaft) oder GmbH. In jeder Lebensphase Ihres Unternehmens unterst\u00fctzen wir Sie, <a href=\"https:\/\/www.ecovis.com\/berlin-gruendung\/faq\/\" target=\"_blank\" rel=\"noopener noreferrer\">die richtige Rechtsform und Struktur zu finden.<\/a><\/p>\n<p>Wir beraten Sie in <strong>Fragen der Finanzierung und der Beteiligung von Investoren<\/strong>.<\/p>\n<p>Besonders wichtig ist uns nat\u00fcrlich der <strong>Schutz Ihres Know How und ihres geistigen Eigentums<\/strong>, der Schutz vor rechtswidrigen Handlungen Ihrer Wettbewerber (Wettbewerbsrecht) und die gesetzkonforme Behandlung Ihnen anvertrauter Daten. Damit Sie im Gestr\u00fcpp <strong>datenschutzrechtlicher Regeln<\/strong> nicht verloren gehen, unterst\u00fctzen wir Sie auch als externe Datenschutzbeauftragte.<\/p>\n<p>Wir helfen Ihnen bei der rechtssicheren Gestaltung Ihrer Liefer- und Kundenbeziehungen und Ihrer <strong>Vertriebsstrukturen (Vertragsrecht, Franchiserecht)<\/strong>. Der Internethandel stellt aufgrund des strengen Verbraucherschutzes besondere Anforderungen an die rechtssichere <strong>Gestaltung von AGB<\/strong>, die wir Ihnen ma\u00dfgeschneidert f\u00fcr Ihr Produkt oder Ihre Dienstleistung erstellen.<\/p>\n<p><img loading=\"lazy\" decoding=\"async\" class=\"wp-image-2893 alignright\" src=\"https:\/\/www.ecovis.com\/tech-law\/wp-content\/uploads\/2019\/10\/Hand-in-Hand-1024x688.jpg\" alt=\"Hand in Hand\" width=\"374\" height=\"251\" \/>Die Entwicklung und kreative Anwendung von Spitzentechnologien stellt auch besondere Anforderungen an die Gestaltung der Arbeitsverh\u00e4ltnisse in Ihrem Unternehmen Wir unterst\u00fctzen Sie mit flexiblen <strong>Arbeitszeit- und Arbeitnehmerbeteiligungsmodellen<\/strong> (Arbeitsrecht).<\/p>\n<p>Wollen Sie Ihr Unternehmen oder<strong> Beteiligungen<\/strong> daran verkaufen oder sich selbst an anderen Unternehmen beteiligen, begleiten wir den gesamten Transaktionsprozess &#8211; von der Geheimhaltungsvereinbarung \u00fcber die Due Diligence und die Vertragsgestaltung und Vertragsverhandlung bis hin zur Durchf\u00fchrung und \u00dcberwachung des Vollzuges der Transaktion.<\/p>\n<p>Entwicklung und Anwendung neuer Technologien ist auch mit besonderen<strong> steuerrechtlichen Herausforderungen<\/strong> verbunden. Aufgrund unserer Erfahrungen im Steuerrecht helfen wir Ihnen, diese Herausforderungen zu meistern.<\/p>\n<p><em><strong>Ecovis Tech Law:<\/strong> <a href=\"https:\/\/www.ecovis.com\/tech-law\/anwaelte\/\">Pers\u00f6nlich gut beraten!<\/a><\/em><\/p>\n","protected":false},"excerpt":{"rendered":"<p>Ihr Partner im Technologierecht (Tech Law) Das Technologierecht (Tech Law; oder auch Technology Law) \u2013 das ist im engeren Sinne das Urheberrecht, Designrecht-, Gebrauchsmuster- und Patentrecht, Markenrecht, IT-Recht und Datenschutzrecht. Nach unserer Erfahrung sind aber technologie- und wissensbasierte, kreative Unternehmen mit einer Vielzahl von besonderen Rechtsfragen konfrontiert, die \u00fcber den Schutz des geistigen Eigentums und [&hellip;]<\/p>\n","protected":false},"author":1,"featured_media":0,"parent":0,"menu_order":0,"comment_status":"closed","ping_status":"closed","template":"","meta":{"_acf_changed":false,"footnotes":""},"class_list":["post-903","page","type-page","status-publish","hentry"],"acf":[],"yoast_head":"<!-- This site is optimized with the Yoast SEO plugin v27.3 - https:\/\/yoast.com\/product\/yoast-seo-wordpress\/ -->\n<title>Was ist Tech Law? - Tech Lawyer Berlin, Germany<\/title>\n<meta name=\"description\" content=\"Tech Law: Die Gesamtheit aus Urheberrecht, Designrecht-, Gebrauchsmuster- und Patentrecht, Markenrecht, IT-Recht und Datenschutzrecht. Wir beraten Sie!\" \/>\n<meta name=\"robots\" content=\"index, follow, max-snippet:-1, max-image-preview:large, max-video-preview:-1\" \/>\n<link rel=\"canonical\" href=\"https:\/\/www.ecovis.com\/tech-law\/partner-technologierecht\/\" \/>\n<meta property=\"og:locale\" content=\"de_DE\" \/>\n<meta property=\"og:type\" content=\"article\" \/>\n<meta property=\"og:title\" content=\"Was ist Tech Law? - Tech Lawyer Berlin, Germany\" \/>\n<meta property=\"og:description\" content=\"Tech Law: Die Gesamtheit aus Urheberrecht, Designrecht-, Gebrauchsmuster- und Patentrecht, Markenrecht, IT-Recht und Datenschutzrecht. Wir beraten Sie!\" \/>\n<meta property=\"og:url\" content=\"https:\/\/www.ecovis.com\/tech-law\/partner-technologierecht\/\" \/>\n<meta property=\"og:site_name\" content=\"Technology &amp; Law\" \/>\n<meta property=\"article:modified_time\" content=\"2020-09-21T13:15:48+00:00\" \/>\n<meta property=\"og:image\" content=\"https:\/\/www.ecovis.com\/tech-law\/wp-content\/uploads\/2019\/07\/Standorte_1_JBM6482_angebot.jpg\" \/>\n<meta name=\"twitter:card\" content=\"summary_large_image\" \/>\n<meta name=\"twitter:label1\" content=\"Gesch\u00e4tzte Lesezeit\" \/>\n\t<meta name=\"twitter:data1\" content=\"2\u00a0Minuten\" \/>\n<script type=\"application\/ld+json\" class=\"yoast-schema-graph\">{\"@context\":\"https:\\\/\\\/schema.org\",\"@graph\":[{\"@type\":\"WebPage\",\"@id\":\"https:\\\/\\\/www.ecovis.com\\\/tech-law\\\/partner-technologierecht\\\/\",\"url\":\"https:\\\/\\\/www.ecovis.com\\\/tech-law\\\/partner-technologierecht\\\/\",\"name\":\"Was ist Tech Law? - Tech Lawyer Berlin, Germany\",\"isPartOf\":{\"@id\":\"https:\\\/\\\/www.ecovis.com\\\/tech-law\\\/#website\"},\"primaryImageOfPage\":{\"@id\":\"https:\\\/\\\/www.ecovis.com\\\/tech-law\\\/partner-technologierecht\\\/#primaryimage\"},\"image\":{\"@id\":\"https:\\\/\\\/www.ecovis.com\\\/tech-law\\\/partner-technologierecht\\\/#primaryimage\"},\"thumbnailUrl\":\"https:\\\/\\\/www.ecovis.com\\\/tech-law\\\/wp-content\\\/uploads\\\/2019\\\/07\\\/Standorte_1_JBM6482_angebot.jpg\",\"datePublished\":\"2016-11-07T16:39:29+00:00\",\"dateModified\":\"2020-09-21T13:15:48+00:00\",\"description\":\"Tech Law: Die Gesamtheit aus Urheberrecht, Designrecht-, Gebrauchsmuster- und Patentrecht, Markenrecht, IT-Recht und Datenschutzrecht. Wir beraten Sie!\",\"breadcrumb\":{\"@id\":\"https:\\\/\\\/www.ecovis.com\\\/tech-law\\\/partner-technologierecht\\\/#breadcrumb\"},\"inLanguage\":\"de\",\"potentialAction\":[{\"@type\":\"ReadAction\",\"target\":[\"https:\\\/\\\/www.ecovis.com\\\/tech-law\\\/partner-technologierecht\\\/\"]}]},{\"@type\":\"ImageObject\",\"inLanguage\":\"de\",\"@id\":\"https:\\\/\\\/www.ecovis.com\\\/tech-law\\\/partner-technologierecht\\\/#primaryimage\",\"url\":\"https:\\\/\\\/www.ecovis.com\\\/tech-law\\\/wp-content\\\/uploads\\\/2019\\\/07\\\/Standorte_1_JBM6482_angebot.jpg\",\"contentUrl\":\"https:\\\/\\\/www.ecovis.com\\\/tech-law\\\/wp-content\\\/uploads\\\/2019\\\/07\\\/Standorte_1_JBM6482_angebot.jpg\",\"width\":1018,\"height\":616,\"caption\":\"Ecovis weltweit\"},{\"@type\":\"BreadcrumbList\",\"@id\":\"https:\\\/\\\/www.ecovis.com\\\/tech-law\\\/partner-technologierecht\\\/#breadcrumb\",\"itemListElement\":[{\"@type\":\"ListItem\",\"position\":1,\"name\":\"Ecovis Global\",\"item\":\"https:\\\/\\\/www.ecovis.com\\\/\"},{\"@type\":\"ListItem\",\"position\":2,\"name\":\"Startseite\",\"item\":\"https:\\\/\\\/www.ecovis.com\\\/tech-law\\\/\"},{\"@type\":\"ListItem\",\"position\":3,\"name\":\"Was ist Tech Law?\"}]},{\"@type\":\"WebSite\",\"@id\":\"https:\\\/\\\/www.ecovis.com\\\/tech-law\\\/#website\",\"url\":\"https:\\\/\\\/www.ecovis.com\\\/tech-law\\\/\",\"name\":\"Ecovis.com\",\"description\":\"\",\"potentialAction\":[{\"@type\":\"SearchAction\",\"target\":{\"@type\":\"EntryPoint\",\"urlTemplate\":\"https:\\\/\\\/www.ecovis.com\\\/tech-law\\\/?s={search_term_string}\"},\"query-input\":{\"@type\":\"PropertyValueSpecification\",\"valueRequired\":true,\"valueName\":\"search_term_string\"}}],\"inLanguage\":\"de\"}]}<\/script>\n<!-- \/ Yoast SEO plugin. -->","yoast_head_json":{"title":"Was ist Tech Law? - Tech Lawyer Berlin, Germany","description":"Tech Law: Die Gesamtheit aus Urheberrecht, Designrecht-, Gebrauchsmuster- und Patentrecht, Markenrecht, IT-Recht und Datenschutzrecht. Wir beraten Sie!","robots":{"index":"index","follow":"follow","max-snippet":"max-snippet:-1","max-image-preview":"max-image-preview:large","max-video-preview":"max-video-preview:-1"},"canonical":"https:\/\/www.ecovis.com\/tech-law\/partner-technologierecht\/","og_locale":"de_DE","og_type":"article","og_title":"Was ist Tech Law? - Tech Lawyer Berlin, Germany","og_description":"Tech Law: Die Gesamtheit aus Urheberrecht, Designrecht-, Gebrauchsmuster- und Patentrecht, Markenrecht, IT-Recht und Datenschutzrecht. Wir beraten Sie!","og_url":"https:\/\/www.ecovis.com\/tech-law\/partner-technologierecht\/","og_site_name":"Technology &amp; Law","article_modified_time":"2020-09-21T13:15:48+00:00","og_image":[{"url":"https:\/\/www.ecovis.com\/tech-law\/wp-content\/uploads\/2019\/07\/Standorte_1_JBM6482_angebot.jpg","type":"","width":"","height":""}],"twitter_card":"summary_large_image","twitter_misc":{"Gesch\u00e4tzte Lesezeit":"2\u00a0Minuten"},"schema":{"@context":"https:\/\/schema.org","@graph":[{"@type":"WebPage","@id":"https:\/\/www.ecovis.com\/tech-law\/partner-technologierecht\/","url":"https:\/\/www.ecovis.com\/tech-law\/partner-technologierecht\/","name":"Was ist Tech Law? - Tech Lawyer Berlin, Germany","isPartOf":{"@id":"https:\/\/www.ecovis.com\/tech-law\/#website"},"primaryImageOfPage":{"@id":"https:\/\/www.ecovis.com\/tech-law\/partner-technologierecht\/#primaryimage"},"image":{"@id":"https:\/\/www.ecovis.com\/tech-law\/partner-technologierecht\/#primaryimage"},"thumbnailUrl":"https:\/\/www.ecovis.com\/tech-law\/wp-content\/uploads\/2019\/07\/Standorte_1_JBM6482_angebot.jpg","datePublished":"2016-11-07T16:39:29+00:00","dateModified":"2020-09-21T13:15:48+00:00","description":"Tech Law: Die Gesamtheit aus Urheberrecht, Designrecht-, Gebrauchsmuster- und Patentrecht, Markenrecht, IT-Recht und Datenschutzrecht. Wir beraten Sie!","breadcrumb":{"@id":"https:\/\/www.ecovis.com\/tech-law\/partner-technologierecht\/#breadcrumb"},"inLanguage":"de","potentialAction":[{"@type":"ReadAction","target":["https:\/\/www.ecovis.com\/tech-law\/partner-technologierecht\/"]}]},{"@type":"ImageObject","inLanguage":"de","@id":"https:\/\/www.ecovis.com\/tech-law\/partner-technologierecht\/#primaryimage","url":"https:\/\/www.ecovis.com\/tech-law\/wp-content\/uploads\/2019\/07\/Standorte_1_JBM6482_angebot.jpg","contentUrl":"https:\/\/www.ecovis.com\/tech-law\/wp-content\/uploads\/2019\/07\/Standorte_1_JBM6482_angebot.jpg","width":1018,"height":616,"caption":"Ecovis weltweit"},{"@type":"BreadcrumbList","@id":"https:\/\/www.ecovis.com\/tech-law\/partner-technologierecht\/#breadcrumb","itemListElement":[{"@type":"ListItem","position":1,"name":"Ecovis Global","item":"https:\/\/www.ecovis.com\/"},{"@type":"ListItem","position":2,"name":"Startseite","item":"https:\/\/www.ecovis.com\/tech-law\/"},{"@type":"ListItem","position":3,"name":"Was ist Tech Law?"}]},{"@type":"WebSite","@id":"https:\/\/www.ecovis.com\/tech-law\/#website","url":"https:\/\/www.ecovis.com\/tech-law\/","name":"Ecovis.com","description":"","potentialAction":[{"@type":"SearchAction","target":{"@type":"EntryPoint","urlTemplate":"https:\/\/www.ecovis.com\/tech-law\/?s={search_term_string}"},"query-input":{"@type":"PropertyValueSpecification","valueRequired":true,"valueName":"search_term_string"}}],"inLanguage":"de"}]}},"_links":{"self":[{"href":"https:\/\/www.ecovis.com\/tech-law\/wp-json\/wp\/v2\/pages\/903","targetHints":{"allow":["GET"]}}],"collection":[{"href":"https:\/\/www.ecovis.com\/tech-law\/wp-json\/wp\/v2\/pages"}],"about":[{"href":"https:\/\/www.ecovis.com\/tech-law\/wp-json\/wp\/v2\/types\/page"}],"author":[{"embeddable":true,"href":"https:\/\/www.ecovis.com\/tech-law\/wp-json\/wp\/v2\/users\/1"}],"replies":[{"embeddable":true,"href":"https:\/\/www.ecovis.com\/tech-law\/wp-json\/wp\/v2\/comments?post=903"}],"version-history":[{"count":3,"href":"https:\/\/www.ecovis.com\/tech-law\/wp-json\/wp\/v2\/pages\/903\/revisions"}],"predecessor-version":[{"id":4652,"href":"https:\/\/www.ecovis.com\/tech-law\/wp-json\/wp\/v2\/pages\/903\/revisions\/4652"}],"wp:attachment":[{"href":"https:\/\/www.ecovis.com\/tech-law\/wp-json\/wp\/v2\/media?parent=903"}],"curies":[{"name":"wp","href":"https:\/\/api.w.org\/{rel}","templated":true}]}}