{"version":"1.0","provider_name":"Ecovis in der Schweiz","provider_url":"https:\/\/www.ecovis.com\/switzerland","author_name":"fgswitzerland","author_url":"https:\/\/www.ecovis.com\/switzerland\/blog\/author\/fgswitzerland\/","title":"Newsletter ECOVIS Aktuell \/ Jahreswechsel 2022\/2023 - Ecovis in der Schweiz","type":"rich","width":600,"height":338,"html":"<blockquote class=\"wp-embedded-content\" data-secret=\"tHvN6MeEEc\"><a href=\"https:\/\/www.ecovis.com\/switzerland\/blog\/newsletter-ecovis-aktuell-jahreswechsel-2022-2023\/\">Newsletter ECOVIS Aktuell \/ Jahreswechsel 2022\/2023<\/a><\/blockquote><iframe sandbox=\"allow-scripts\" security=\"restricted\" src=\"https:\/\/www.ecovis.com\/switzerland\/blog\/newsletter-ecovis-aktuell-jahreswechsel-2022-2023\/embed\/#?secret=tHvN6MeEEc\" width=\"600\" height=\"338\" title=\"&#8222;Newsletter ECOVIS Aktuell \/ Jahreswechsel 2022\/2023&#8220; &#8211; Ecovis in der Schweiz\" data-secret=\"tHvN6MeEEc\" frameborder=\"0\" marginwidth=\"0\" marginheight=\"0\" scrolling=\"no\" class=\"wp-embedded-content\"><\/iframe><script type=\"text\/javascript\">\n\/* <![CDATA[ *\/\n\/*! This file is auto-generated *\/\n!function(d,l){\"use strict\";l.querySelector&&d.addEventListener&&\"undefined\"!=typeof URL&&(d.wp=d.wp||{},d.wp.receiveEmbedMessage||(d.wp.receiveEmbedMessage=function(e){var t=e.data;if((t||t.secret||t.message||t.value)&&!\/[^a-zA-Z0-9]\/.test(t.secret)){for(var s,r,n,a=l.querySelectorAll('iframe[data-secret=\"'+t.secret+'\"]'),o=l.querySelectorAll('blockquote[data-secret=\"'+t.secret+'\"]'),c=new RegExp(\"^https?:$\",\"i\"),i=0;i<o.length;i++)o[i].style.display=\"none\";for(i=0;i<a.length;i++)s=a[i],e.source===s.contentWindow&&(s.removeAttribute(\"style\"),\"height\"===t.message?(1e3<(r=parseInt(t.value,10))?r=1e3:~~r<200&&(r=200),s.height=r):\"link\"===t.message&&(r=new URL(s.getAttribute(\"src\")),n=new URL(t.value),c.test(n.protocol))&&n.host===r.host&&l.activeElement===s&&(d.top.location.href=t.value))}},d.addEventListener(\"message\",d.wp.receiveEmbedMessage,!1),l.addEventListener(\"DOMContentLoaded\",function(){for(var e,t,s=l.querySelectorAll(\"iframe.wp-embedded-content\"),r=0;r<s.length;r++)(t=(e=s[r]).getAttribute(\"data-secret\"))||(t=Math.random().toString(36).substring(2,12),e.src+=\"#?secret=\"+t,e.setAttribute(\"data-secret\",t)),e.contentWindow.postMessage({message:\"ready\",secret:t},\"*\")},!1)))}(window,document);\n\/\/# sourceURL=https:\/\/www.ecovis.com\/switzerland\/wp-includes\/js\/wp-embed.min.js\n\/* ]]> *\/\n<\/script>\n","description":"AHV-Reform 2021 und Erh\u00f6hung der Mehrwertsteuer auf den 1. Januar 2024; Ausweitung des Meldeverfahrens bei der Verrechnungssteuer im Konzern; \u00abPlastiksteuer\u00bb und Verpackungsregulierung in der EU; Verl\u00e4ngerung Sozialversicherungsunterstellung f\u00fcr Grenzg\u00e4nger; Pr\u00e4zisierung zu den Nichtr\u00fcckkehrtagen von Grenzg\u00e4ngern im DBA Schweiz - Deutschland; Entsch\u00e4digungen f\u00fcr Homeoffice im Lohnausweis; Beitragss\u00e4tze, Leistungen und Grenzwerte der Sozialversicherungen; Drohende Zahlungsunf\u00e4higkeit, Kapitalverlust und \u00dcberschuldung im neuen Aktienrecht; Quellensteuer: Verwirkungsfrist bis 31. M\u00e4rz 2023 f\u00fcr NOV\/Neuberechnung beachten!; Erh\u00f6hung des Abzugs f\u00fcr Krankenkassenpr\u00e4mien im Kanton Z\u00fcrich; Weitere Neuerungen auf den 1. Januar 2023; Ausblick \/ Varia","thumbnail_url":"https:\/\/www.ecovis.com\/switzerland\/wp-content\/uploads\/2020\/08\/meier_marianne.jpeg"}

AHV-Reform 2021 und Erhöhung der Mehrwertsteuer auf den 1. Januar 2024; Ausweitung des Meldeverfahrens bei der Verrechnungssteuer im Konzern; «Plastiksteuer» und Verpackungsregulierung in der EU; Verlängerung Sozialversicherungsunterstellung für Grenzgänger; Präzisierung zu den Nichtrückkehrtagen von Grenzgängern im DBA Schweiz - Deutschland; Entschädigungen für Homeoffice im Lohnausweis; Beitragssätze, Leistungen und Grenzwerte der Sozialversicherungen; Drohende Zahlungsunfähigkeit, Kapitalverlust und Überschuldung im neuen Aktienrecht; Quellensteuer: Verwirkungsfrist bis 31. März 2023 für NOV/Neuberechnung beachten!; Erhöhung des Abzugs für Krankenkassenprämien im Kanton Zürich; Weitere Neuerungen auf den 1. Januar 2023; Ausblick / Varia
