{"id":4036,"date":"2025-07-15T15:20:28","date_gmt":"2025-07-15T13:20:28","guid":{"rendered":"https:\/\/www.ecovis.com\/a25-lugau\/?page_id=4036"},"modified":"2025-07-15T15:22:09","modified_gmt":"2025-07-15T13:22:09","slug":"betriebspruefung","status":"publish","type":"page","link":"https:\/\/www.ecovis.com\/lugau\/beratungsschwerpunkte\/betriebspruefung\/","title":{"rendered":"Betriebspr\u00fcfung"},"content":{"rendered":"","protected":false},"excerpt":{"rendered":"","protected":false},"author":28,"featured_media":0,"parent":3771,"menu_order":0,"comment_status":"closed","ping_status":"closed","template":"leistungen-betriebspruefung.php","meta":{"_acf_changed":false,"footnotes":""},"class_list":["post-4036","page","type-page","status-publish","hentry"],"acf":[],"yoast_head":"<!-- This site is optimized with the Yoast SEO plugin v27.2 - https:\/\/yoast.com\/product\/yoast-seo-wordpress\/ -->\n<title>Ecovis Lugau - Betriebspr\u00fcfung<\/title>\n<meta name=\"description\" content=\"Eine Betriebspr\u00fcfung steht an? Unser interdisziplin\u00e4res Team aus erfahrenen Steuerberatern und Rechtsanw\u00e4lten steht Ihnen zur Seite.\" \/>\n<meta name=\"robots\" content=\"index, follow, max-snippet:-1, max-image-preview:large, max-video-preview:-1\" \/>\n<link rel=\"canonical\" href=\"https:\/\/www.ecovis.com\/lugau\/beratungsschwerpunkte\/betriebspruefung\/\" \/>\n<meta property=\"og:locale\" content=\"de_DE\" \/>\n<meta property=\"og:type\" content=\"article\" \/>\n<meta property=\"og:title\" content=\"Ecovis Lugau - Betriebspr\u00fcfung\" \/>\n<meta property=\"og:description\" content=\"Eine Betriebspr\u00fcfung steht an? Unser interdisziplin\u00e4res Team aus erfahrenen Steuerberatern und Rechtsanw\u00e4lten steht Ihnen zur Seite.\" \/>\n<meta property=\"og:url\" content=\"https:\/\/www.ecovis.com\/lugau\/beratungsschwerpunkte\/betriebspruefung\/\" \/>\n<meta property=\"og:site_name\" content=\"Ecovis Lugau\" \/>\n<meta property=\"article:modified_time\" content=\"2025-07-15T13:22:09+00:00\" \/>\n<meta name=\"twitter:card\" content=\"summary_large_image\" \/>\n<script type=\"application\/ld+json\" class=\"yoast-schema-graph\">{\"@context\":\"https:\/\/schema.org\",\"@graph\":[{\"@type\":\"WebPage\",\"@id\":\"https:\/\/www.ecovis.com\/lugau\/beratungsschwerpunkte\/betriebspruefung\/\",\"url\":\"https:\/\/www.ecovis.com\/lugau\/beratungsschwerpunkte\/betriebspruefung\/\",\"name\":\"Ecovis Lugau - Betriebspr\u00fcfung\",\"isPartOf\":{\"@id\":\"https:\/\/www.ecovis.com\/lugau\/#website\"},\"datePublished\":\"2025-07-15T13:20:28+00:00\",\"dateModified\":\"2025-07-15T13:22:09+00:00\",\"description\":\"Eine Betriebspr\u00fcfung steht an? Unser interdisziplin\u00e4res Team aus erfahrenen Steuerberatern und Rechtsanw\u00e4lten steht Ihnen zur Seite.\",\"breadcrumb\":{\"@id\":\"https:\/\/www.ecovis.com\/lugau\/beratungsschwerpunkte\/betriebspruefung\/#breadcrumb\"},\"inLanguage\":\"de\",\"potentialAction\":[{\"@type\":\"ReadAction\",\"target\":[\"https:\/\/www.ecovis.com\/lugau\/beratungsschwerpunkte\/betriebspruefung\/\"]}]},{\"@type\":\"BreadcrumbList\",\"@id\":\"https:\/\/www.ecovis.com\/lugau\/beratungsschwerpunkte\/betriebspruefung\/#breadcrumb\",\"itemListElement\":[{\"@type\":\"ListItem\",\"position\":1,\"name\":\"Ecovis Global\",\"item\":\"https:\/\/www.ecovis.com\/\"},{\"@type\":\"ListItem\",\"position\":2,\"name\":\"Home\",\"item\":\"https:\/\/www.ecovis.com\/lugau\/\"},{\"@type\":\"ListItem\",\"position\":3,\"name\":\"Schwerpunkte\",\"item\":\"https:\/\/www.ecovis.com\/lugau\/beratungsschwerpunkte\/\"},{\"@type\":\"ListItem\",\"position\":4,\"name\":\"Betriebspr\u00fcfung\"}]},{\"@type\":\"WebSite\",\"@id\":\"https:\/\/www.ecovis.com\/lugau\/#website\",\"url\":\"https:\/\/www.ecovis.com\/lugau\/\",\"name\":\"Ecovis.com\",\"description\":\"\",\"potentialAction\":[{\"@type\":\"SearchAction\",\"target\":{\"@type\":\"EntryPoint\",\"urlTemplate\":\"https:\/\/www.ecovis.com\/lugau\/?s={search_term_string}\"},\"query-input\":{\"@type\":\"PropertyValueSpecification\",\"valueRequired\":true,\"valueName\":\"search_term_string\"}}],\"inLanguage\":\"de\"}]}<\/script>\n<!-- \/ Yoast SEO plugin. -->","yoast_head_json":{"title":"Ecovis Lugau - Betriebspr\u00fcfung","description":"Eine Betriebspr\u00fcfung steht an? Unser interdisziplin\u00e4res Team aus erfahrenen Steuerberatern und Rechtsanw\u00e4lten steht Ihnen zur Seite.","robots":{"index":"index","follow":"follow","max-snippet":"max-snippet:-1","max-image-preview":"max-image-preview:large","max-video-preview":"max-video-preview:-1"},"canonical":"https:\/\/www.ecovis.com\/lugau\/beratungsschwerpunkte\/betriebspruefung\/","og_locale":"de_DE","og_type":"article","og_title":"Ecovis Lugau - Betriebspr\u00fcfung","og_description":"Eine Betriebspr\u00fcfung steht an? Unser interdisziplin\u00e4res Team aus erfahrenen Steuerberatern und Rechtsanw\u00e4lten steht Ihnen zur Seite.","og_url":"https:\/\/www.ecovis.com\/lugau\/beratungsschwerpunkte\/betriebspruefung\/","og_site_name":"Ecovis Lugau","article_modified_time":"2025-07-15T13:22:09+00:00","twitter_card":"summary_large_image","schema":{"@context":"https:\/\/schema.org","@graph":[{"@type":"WebPage","@id":"https:\/\/www.ecovis.com\/lugau\/beratungsschwerpunkte\/betriebspruefung\/","url":"https:\/\/www.ecovis.com\/lugau\/beratungsschwerpunkte\/betriebspruefung\/","name":"Ecovis Lugau - Betriebspr\u00fcfung","isPartOf":{"@id":"https:\/\/www.ecovis.com\/lugau\/#website"},"datePublished":"2025-07-15T13:20:28+00:00","dateModified":"2025-07-15T13:22:09+00:00","description":"Eine Betriebspr\u00fcfung steht an? Unser interdisziplin\u00e4res Team aus erfahrenen Steuerberatern und Rechtsanw\u00e4lten steht Ihnen zur Seite.","breadcrumb":{"@id":"https:\/\/www.ecovis.com\/lugau\/beratungsschwerpunkte\/betriebspruefung\/#breadcrumb"},"inLanguage":"de","potentialAction":[{"@type":"ReadAction","target":["https:\/\/www.ecovis.com\/lugau\/beratungsschwerpunkte\/betriebspruefung\/"]}]},{"@type":"BreadcrumbList","@id":"https:\/\/www.ecovis.com\/lugau\/beratungsschwerpunkte\/betriebspruefung\/#breadcrumb","itemListElement":[{"@type":"ListItem","position":1,"name":"Ecovis Global","item":"https:\/\/www.ecovis.com\/"},{"@type":"ListItem","position":2,"name":"Home","item":"https:\/\/www.ecovis.com\/lugau\/"},{"@type":"ListItem","position":3,"name":"Schwerpunkte","item":"https:\/\/www.ecovis.com\/lugau\/beratungsschwerpunkte\/"},{"@type":"ListItem","position":4,"name":"Betriebspr\u00fcfung"}]},{"@type":"WebSite","@id":"https:\/\/www.ecovis.com\/lugau\/#website","url":"https:\/\/www.ecovis.com\/lugau\/","name":"Ecovis.com","description":"","potentialAction":[{"@type":"SearchAction","target":{"@type":"EntryPoint","urlTemplate":"https:\/\/www.ecovis.com\/lugau\/?s={search_term_string}"},"query-input":{"@type":"PropertyValueSpecification","valueRequired":true,"valueName":"search_term_string"}}],"inLanguage":"de"}]}},"_links":{"self":[{"href":"https:\/\/www.ecovis.com\/lugau\/wp-json\/wp\/v2\/pages\/4036","targetHints":{"allow":["GET"]}}],"collection":[{"href":"https:\/\/www.ecovis.com\/lugau\/wp-json\/wp\/v2\/pages"}],"about":[{"href":"https:\/\/www.ecovis.com\/lugau\/wp-json\/wp\/v2\/types\/page"}],"author":[{"embeddable":true,"href":"https:\/\/www.ecovis.com\/lugau\/wp-json\/wp\/v2\/users\/28"}],"replies":[{"embeddable":true,"href":"https:\/\/www.ecovis.com\/lugau\/wp-json\/wp\/v2\/comments?post=4036"}],"version-history":[{"count":1,"href":"https:\/\/www.ecovis.com\/lugau\/wp-json\/wp\/v2\/pages\/4036\/revisions"}],"predecessor-version":[{"id":4037,"href":"https:\/\/www.ecovis.com\/lugau\/wp-json\/wp\/v2\/pages\/4036\/revisions\/4037"}],"up":[{"embeddable":true,"href":"https:\/\/www.ecovis.com\/lugau\/wp-json\/wp\/v2\/pages\/3771"}],"wp:attachment":[{"href":"https:\/\/www.ecovis.com\/lugau\/wp-json\/wp\/v2\/media?parent=4036"}],"curies":[{"name":"wp","href":"https:\/\/api.w.org\/{rel}","templated":true}]}}