{"id":3934,"date":"2025-07-15T15:20:28","date_gmt":"2025-07-15T13:20:28","guid":{"rendered":"https:\/\/www.ecovis.com\/a25-lugau\/?page_id=3934"},"modified":"2025-07-15T15:31:27","modified_gmt":"2025-07-15T13:31:27","slug":"existenzgruendung","status":"publish","type":"page","link":"https:\/\/www.ecovis.com\/lugau\/beratungsschwerpunkte\/existenzgruendung\/","title":{"rendered":"Existenzgr\u00fcndung \/ Start-ups"},"content":{"rendered":"","protected":false},"excerpt":{"rendered":"","protected":false},"author":28,"featured_media":0,"parent":3771,"menu_order":0,"comment_status":"closed","ping_status":"closed","template":"leistungen-startups.php","meta":{"_acf_changed":false,"footnotes":""},"class_list":["post-3934","page","type-page","status-publish","hentry"],"acf":[],"yoast_head":"<!-- This site is optimized with the Yoast SEO plugin v27.2 - https:\/\/yoast.com\/product\/yoast-seo-wordpress\/ -->\n<title>Ecovis Lugau - Steuerberater f\u00fcr Start-ups und Existenzgr\u00fcnder<\/title>\n<meta name=\"description\" content=\"Steuerberatung f\u00fcr Start-ups in Lugau \u2013 rechtssicher gr\u00fcnden &amp; wachsen mit Experten f\u00fcr Steuern, Recht &amp; Unternehmensf\u00fchrung.\" \/>\n<meta name=\"robots\" content=\"index, follow, max-snippet:-1, max-image-preview:large, max-video-preview:-1\" \/>\n<link rel=\"canonical\" href=\"https:\/\/www.ecovis.com\/lugau\/beratungsschwerpunkte\/existenzgruendung\/\" \/>\n<meta property=\"og:locale\" content=\"de_DE\" \/>\n<meta property=\"og:type\" content=\"article\" \/>\n<meta property=\"og:title\" content=\"Ecovis Lugau - Steuerberater f\u00fcr Start-ups und Existenzgr\u00fcnder\" \/>\n<meta property=\"og:description\" content=\"Steuerberatung f\u00fcr Start-ups in Lugau \u2013 rechtssicher gr\u00fcnden &amp; wachsen mit Experten f\u00fcr Steuern, Recht &amp; Unternehmensf\u00fchrung.\" \/>\n<meta property=\"og:url\" content=\"https:\/\/www.ecovis.com\/lugau\/beratungsschwerpunkte\/existenzgruendung\/\" \/>\n<meta property=\"og:site_name\" content=\"Ecovis Lugau\" \/>\n<meta property=\"article:modified_time\" content=\"2025-07-15T13:31:27+00:00\" \/>\n<meta name=\"twitter:card\" content=\"summary_large_image\" \/>\n<script type=\"application\/ld+json\" class=\"yoast-schema-graph\">{\"@context\":\"https:\/\/schema.org\",\"@graph\":[{\"@type\":\"WebPage\",\"@id\":\"https:\/\/www.ecovis.com\/lugau\/beratungsschwerpunkte\/existenzgruendung\/\",\"url\":\"https:\/\/www.ecovis.com\/lugau\/beratungsschwerpunkte\/existenzgruendung\/\",\"name\":\"Ecovis Lugau - Steuerberater f\u00fcr Start-ups und Existenzgr\u00fcnder\",\"isPartOf\":{\"@id\":\"https:\/\/www.ecovis.com\/lugau\/#website\"},\"datePublished\":\"2025-07-15T13:20:28+00:00\",\"dateModified\":\"2025-07-15T13:31:27+00:00\",\"description\":\"Steuerberatung f\u00fcr Start-ups in Lugau \u2013 rechtssicher gr\u00fcnden & wachsen mit Experten f\u00fcr Steuern, Recht & Unternehmensf\u00fchrung.\",\"breadcrumb\":{\"@id\":\"https:\/\/www.ecovis.com\/lugau\/beratungsschwerpunkte\/existenzgruendung\/#breadcrumb\"},\"inLanguage\":\"de\",\"potentialAction\":[{\"@type\":\"ReadAction\",\"target\":[\"https:\/\/www.ecovis.com\/lugau\/beratungsschwerpunkte\/existenzgruendung\/\"]}]},{\"@type\":\"BreadcrumbList\",\"@id\":\"https:\/\/www.ecovis.com\/lugau\/beratungsschwerpunkte\/existenzgruendung\/#breadcrumb\",\"itemListElement\":[{\"@type\":\"ListItem\",\"position\":1,\"name\":\"Ecovis Global\",\"item\":\"https:\/\/www.ecovis.com\/\"},{\"@type\":\"ListItem\",\"position\":2,\"name\":\"Home\",\"item\":\"https:\/\/www.ecovis.com\/lugau\/\"},{\"@type\":\"ListItem\",\"position\":3,\"name\":\"Schwerpunkte\",\"item\":\"https:\/\/www.ecovis.com\/lugau\/beratungsschwerpunkte\/\"},{\"@type\":\"ListItem\",\"position\":4,\"name\":\"Existenzgr\u00fcndung \/ Start-ups\"}]},{\"@type\":\"WebSite\",\"@id\":\"https:\/\/www.ecovis.com\/lugau\/#website\",\"url\":\"https:\/\/www.ecovis.com\/lugau\/\",\"name\":\"Ecovis.com\",\"description\":\"\",\"potentialAction\":[{\"@type\":\"SearchAction\",\"target\":{\"@type\":\"EntryPoint\",\"urlTemplate\":\"https:\/\/www.ecovis.com\/lugau\/?s={search_term_string}\"},\"query-input\":{\"@type\":\"PropertyValueSpecification\",\"valueRequired\":true,\"valueName\":\"search_term_string\"}}],\"inLanguage\":\"de\"}]}<\/script>\n<!-- \/ Yoast SEO plugin. -->","yoast_head_json":{"title":"Ecovis Lugau - Steuerberater f\u00fcr Start-ups und Existenzgr\u00fcnder","description":"Steuerberatung f\u00fcr Start-ups in Lugau \u2013 rechtssicher gr\u00fcnden & wachsen mit Experten f\u00fcr Steuern, Recht & Unternehmensf\u00fchrung.","robots":{"index":"index","follow":"follow","max-snippet":"max-snippet:-1","max-image-preview":"max-image-preview:large","max-video-preview":"max-video-preview:-1"},"canonical":"https:\/\/www.ecovis.com\/lugau\/beratungsschwerpunkte\/existenzgruendung\/","og_locale":"de_DE","og_type":"article","og_title":"Ecovis Lugau - Steuerberater f\u00fcr Start-ups und Existenzgr\u00fcnder","og_description":"Steuerberatung f\u00fcr Start-ups in Lugau \u2013 rechtssicher gr\u00fcnden & wachsen mit Experten f\u00fcr Steuern, Recht & Unternehmensf\u00fchrung.","og_url":"https:\/\/www.ecovis.com\/lugau\/beratungsschwerpunkte\/existenzgruendung\/","og_site_name":"Ecovis Lugau","article_modified_time":"2025-07-15T13:31:27+00:00","twitter_card":"summary_large_image","schema":{"@context":"https:\/\/schema.org","@graph":[{"@type":"WebPage","@id":"https:\/\/www.ecovis.com\/lugau\/beratungsschwerpunkte\/existenzgruendung\/","url":"https:\/\/www.ecovis.com\/lugau\/beratungsschwerpunkte\/existenzgruendung\/","name":"Ecovis Lugau - Steuerberater f\u00fcr Start-ups und Existenzgr\u00fcnder","isPartOf":{"@id":"https:\/\/www.ecovis.com\/lugau\/#website"},"datePublished":"2025-07-15T13:20:28+00:00","dateModified":"2025-07-15T13:31:27+00:00","description":"Steuerberatung f\u00fcr Start-ups in Lugau \u2013 rechtssicher gr\u00fcnden & wachsen mit Experten f\u00fcr Steuern, Recht & Unternehmensf\u00fchrung.","breadcrumb":{"@id":"https:\/\/www.ecovis.com\/lugau\/beratungsschwerpunkte\/existenzgruendung\/#breadcrumb"},"inLanguage":"de","potentialAction":[{"@type":"ReadAction","target":["https:\/\/www.ecovis.com\/lugau\/beratungsschwerpunkte\/existenzgruendung\/"]}]},{"@type":"BreadcrumbList","@id":"https:\/\/www.ecovis.com\/lugau\/beratungsschwerpunkte\/existenzgruendung\/#breadcrumb","itemListElement":[{"@type":"ListItem","position":1,"name":"Ecovis Global","item":"https:\/\/www.ecovis.com\/"},{"@type":"ListItem","position":2,"name":"Home","item":"https:\/\/www.ecovis.com\/lugau\/"},{"@type":"ListItem","position":3,"name":"Schwerpunkte","item":"https:\/\/www.ecovis.com\/lugau\/beratungsschwerpunkte\/"},{"@type":"ListItem","position":4,"name":"Existenzgr\u00fcndung \/ Start-ups"}]},{"@type":"WebSite","@id":"https:\/\/www.ecovis.com\/lugau\/#website","url":"https:\/\/www.ecovis.com\/lugau\/","name":"Ecovis.com","description":"","potentialAction":[{"@type":"SearchAction","target":{"@type":"EntryPoint","urlTemplate":"https:\/\/www.ecovis.com\/lugau\/?s={search_term_string}"},"query-input":{"@type":"PropertyValueSpecification","valueRequired":true,"valueName":"search_term_string"}}],"inLanguage":"de"}]}},"_links":{"self":[{"href":"https:\/\/www.ecovis.com\/lugau\/wp-json\/wp\/v2\/pages\/3934","targetHints":{"allow":["GET"]}}],"collection":[{"href":"https:\/\/www.ecovis.com\/lugau\/wp-json\/wp\/v2\/pages"}],"about":[{"href":"https:\/\/www.ecovis.com\/lugau\/wp-json\/wp\/v2\/types\/page"}],"author":[{"embeddable":true,"href":"https:\/\/www.ecovis.com\/lugau\/wp-json\/wp\/v2\/users\/28"}],"replies":[{"embeddable":true,"href":"https:\/\/www.ecovis.com\/lugau\/wp-json\/wp\/v2\/comments?post=3934"}],"version-history":[{"count":4,"href":"https:\/\/www.ecovis.com\/lugau\/wp-json\/wp\/v2\/pages\/3934\/revisions"}],"predecessor-version":[{"id":4250,"href":"https:\/\/www.ecovis.com\/lugau\/wp-json\/wp\/v2\/pages\/3934\/revisions\/4250"}],"up":[{"embeddable":true,"href":"https:\/\/www.ecovis.com\/lugau\/wp-json\/wp\/v2\/pages\/3771"}],"wp:attachment":[{"href":"https:\/\/www.ecovis.com\/lugau\/wp-json\/wp\/v2\/media?parent=3934"}],"curies":[{"name":"wp","href":"https:\/\/api.w.org\/{rel}","templated":true}]}}