{"id":4056,"date":"2025-08-24T23:53:10","date_gmt":"2025-08-24T21:53:10","guid":{"rendered":"https:\/\/www.ecovis.com\/b25_erfurt-altstadt\/?page_id=4056"},"modified":"2025-09-11T09:07:48","modified_gmt":"2025-09-11T07:07:48","slug":"gesundheitswesen","status":"publish","type":"page","link":"https:\/\/www.ecovis.com\/ilmenau\/beratungsschwerpunkte\/gesundheitswesen\/","title":{"rendered":"Gesundheitswesen"},"content":{"rendered":"","protected":false},"excerpt":{"rendered":"","protected":false},"author":28,"featured_media":4385,"parent":3771,"menu_order":0,"comment_status":"closed","ping_status":"closed","template":"leistungen-gesundheitswesen.php","meta":{"_acf_changed":false,"footnotes":""},"class_list":["post-4056","page","type-page","status-publish","has-post-thumbnail","hentry"],"acf":[],"yoast_head":"<!-- This site is optimized with the Yoast SEO plugin v27.2 - https:\/\/yoast.com\/product\/yoast-seo-wordpress\/ -->\n<title>Ecovis Ilmenau und Erfurt Altstadt Steuerberater - Gesundheitswesen<\/title>\n<meta name=\"description\" content=\"Beratung in Ilmenau und Erfurt Altstadt f\u00fcr \u00c4rzte, Zahn\u00e4rzte, Apotheken und andere Dienstleister im Gesundheitswesen - Jetzt Termin vereinbaren!\" \/>\n<meta name=\"robots\" content=\"index, follow, max-snippet:-1, max-image-preview:large, max-video-preview:-1\" \/>\n<link rel=\"canonical\" href=\"https:\/\/www.ecovis.com\/ilmenau\/beratungsschwerpunkte\/gesundheitswesen\/\" \/>\n<meta property=\"og:locale\" content=\"de_DE\" \/>\n<meta property=\"og:type\" content=\"article\" \/>\n<meta property=\"og:title\" content=\"Ecovis Ilmenau und Erfurt Altstadt Steuerberater - Gesundheitswesen\" \/>\n<meta property=\"og:description\" content=\"Beratung in Ilmenau und Erfurt Altstadt f\u00fcr \u00c4rzte, Zahn\u00e4rzte, Apotheken und andere Dienstleister im Gesundheitswesen - Jetzt Termin vereinbaren!\" \/>\n<meta property=\"og:url\" content=\"https:\/\/www.ecovis.com\/ilmenau\/beratungsschwerpunkte\/gesundheitswesen\/\" \/>\n<meta property=\"og:site_name\" content=\"Ecovis Ilmenau und Erfurt Altstadt\" \/>\n<meta property=\"article:modified_time\" content=\"2025-09-11T07:07:48+00:00\" \/>\n<meta property=\"og:image\" content=\"https:\/\/www.ecovis.com\/ilmenau\/wp-content\/uploads\/2025\/09\/steuerberatung_medizin.webp\" \/>\n\t<meta property=\"og:image:width\" content=\"1920\" \/>\n\t<meta property=\"og:image:height\" content=\"934\" \/>\n\t<meta property=\"og:image:type\" content=\"image\/webp\" \/>\n<meta name=\"twitter:card\" content=\"summary_large_image\" \/>\n<meta name=\"twitter:label1\" content=\"Gesch\u00e4tzte Lesezeit\" \/>\n\t<meta name=\"twitter:data1\" content=\"1\u00a0Minute\" \/>\n<script type=\"application\/ld+json\" class=\"yoast-schema-graph\">{\"@context\":\"https:\/\/schema.org\",\"@graph\":[{\"@type\":\"WebPage\",\"@id\":\"https:\/\/www.ecovis.com\/ilmenau\/beratungsschwerpunkte\/gesundheitswesen\/\",\"url\":\"https:\/\/www.ecovis.com\/ilmenau\/beratungsschwerpunkte\/gesundheitswesen\/\",\"name\":\"Ecovis Ilmenau und Erfurt Altstadt Steuerberater - Gesundheitswesen\",\"isPartOf\":{\"@id\":\"https:\/\/www.ecovis.com\/ilmenau\/#website\"},\"primaryImageOfPage\":{\"@id\":\"https:\/\/www.ecovis.com\/ilmenau\/beratungsschwerpunkte\/gesundheitswesen\/#primaryimage\"},\"image\":{\"@id\":\"https:\/\/www.ecovis.com\/ilmenau\/beratungsschwerpunkte\/gesundheitswesen\/#primaryimage\"},\"thumbnailUrl\":\"https:\/\/www.ecovis.com\/ilmenau\/wp-content\/uploads\/2025\/09\/steuerberatung_medizin.webp\",\"datePublished\":\"2025-08-24T21:53:10+00:00\",\"dateModified\":\"2025-09-11T07:07:48+00:00\",\"description\":\"Beratung in Ilmenau und Erfurt Altstadt f\u00fcr \u00c4rzte, Zahn\u00e4rzte, Apotheken und andere Dienstleister im Gesundheitswesen - Jetzt Termin vereinbaren!\",\"breadcrumb\":{\"@id\":\"https:\/\/www.ecovis.com\/ilmenau\/beratungsschwerpunkte\/gesundheitswesen\/#breadcrumb\"},\"inLanguage\":\"de\",\"potentialAction\":[{\"@type\":\"ReadAction\",\"target\":[\"https:\/\/www.ecovis.com\/ilmenau\/beratungsschwerpunkte\/gesundheitswesen\/\"]}]},{\"@type\":\"ImageObject\",\"inLanguage\":\"de\",\"@id\":\"https:\/\/www.ecovis.com\/ilmenau\/beratungsschwerpunkte\/gesundheitswesen\/#primaryimage\",\"url\":\"https:\/\/www.ecovis.com\/ilmenau\/wp-content\/uploads\/2025\/09\/steuerberatung_medizin.webp\",\"contentUrl\":\"https:\/\/www.ecovis.com\/ilmenau\/wp-content\/uploads\/2025\/09\/steuerberatung_medizin.webp\",\"width\":1920,\"height\":934,\"caption\":\"Steuerberaterin f\u00fcr Mediziner\"},{\"@type\":\"BreadcrumbList\",\"@id\":\"https:\/\/www.ecovis.com\/ilmenau\/beratungsschwerpunkte\/gesundheitswesen\/#breadcrumb\",\"itemListElement\":[{\"@type\":\"ListItem\",\"position\":1,\"name\":\"Ecovis Global\",\"item\":\"https:\/\/www.ecovis.com\/\"},{\"@type\":\"ListItem\",\"position\":2,\"name\":\"Home\",\"item\":\"https:\/\/www.ecovis.com\/ilmenau\/\"},{\"@type\":\"ListItem\",\"position\":3,\"name\":\"Schwerpunkte\",\"item\":\"https:\/\/www.ecovis.com\/ilmenau\/beratungsschwerpunkte\/\"},{\"@type\":\"ListItem\",\"position\":4,\"name\":\"Gesundheitswesen\"}]},{\"@type\":\"WebSite\",\"@id\":\"https:\/\/www.ecovis.com\/ilmenau\/#website\",\"url\":\"https:\/\/www.ecovis.com\/ilmenau\/\",\"name\":\"Ecovis.com\",\"description\":\"\",\"potentialAction\":[{\"@type\":\"SearchAction\",\"target\":{\"@type\":\"EntryPoint\",\"urlTemplate\":\"https:\/\/www.ecovis.com\/ilmenau\/?s={search_term_string}\"},\"query-input\":{\"@type\":\"PropertyValueSpecification\",\"valueRequired\":true,\"valueName\":\"search_term_string\"}}],\"inLanguage\":\"de\"}]}<\/script>\n<!-- \/ Yoast SEO plugin. -->","yoast_head_json":{"title":"Ecovis Ilmenau und Erfurt Altstadt Steuerberater - Gesundheitswesen","description":"Beratung in Ilmenau und Erfurt Altstadt f\u00fcr \u00c4rzte, Zahn\u00e4rzte, Apotheken und andere Dienstleister im Gesundheitswesen - Jetzt Termin vereinbaren!","robots":{"index":"index","follow":"follow","max-snippet":"max-snippet:-1","max-image-preview":"max-image-preview:large","max-video-preview":"max-video-preview:-1"},"canonical":"https:\/\/www.ecovis.com\/ilmenau\/beratungsschwerpunkte\/gesundheitswesen\/","og_locale":"de_DE","og_type":"article","og_title":"Ecovis Ilmenau und Erfurt Altstadt Steuerberater - Gesundheitswesen","og_description":"Beratung in Ilmenau und Erfurt Altstadt f\u00fcr \u00c4rzte, Zahn\u00e4rzte, Apotheken und andere Dienstleister im Gesundheitswesen - Jetzt Termin vereinbaren!","og_url":"https:\/\/www.ecovis.com\/ilmenau\/beratungsschwerpunkte\/gesundheitswesen\/","og_site_name":"Ecovis Ilmenau und Erfurt Altstadt","article_modified_time":"2025-09-11T07:07:48+00:00","og_image":[{"width":1920,"height":934,"url":"https:\/\/www.ecovis.com\/ilmenau\/wp-content\/uploads\/2025\/09\/steuerberatung_medizin.webp","type":"image\/webp"}],"twitter_card":"summary_large_image","twitter_misc":{"Gesch\u00e4tzte Lesezeit":"1\u00a0Minute"},"schema":{"@context":"https:\/\/schema.org","@graph":[{"@type":"WebPage","@id":"https:\/\/www.ecovis.com\/ilmenau\/beratungsschwerpunkte\/gesundheitswesen\/","url":"https:\/\/www.ecovis.com\/ilmenau\/beratungsschwerpunkte\/gesundheitswesen\/","name":"Ecovis Ilmenau und Erfurt Altstadt Steuerberater - Gesundheitswesen","isPartOf":{"@id":"https:\/\/www.ecovis.com\/ilmenau\/#website"},"primaryImageOfPage":{"@id":"https:\/\/www.ecovis.com\/ilmenau\/beratungsschwerpunkte\/gesundheitswesen\/#primaryimage"},"image":{"@id":"https:\/\/www.ecovis.com\/ilmenau\/beratungsschwerpunkte\/gesundheitswesen\/#primaryimage"},"thumbnailUrl":"https:\/\/www.ecovis.com\/ilmenau\/wp-content\/uploads\/2025\/09\/steuerberatung_medizin.webp","datePublished":"2025-08-24T21:53:10+00:00","dateModified":"2025-09-11T07:07:48+00:00","description":"Beratung in Ilmenau und Erfurt Altstadt f\u00fcr \u00c4rzte, Zahn\u00e4rzte, Apotheken und andere Dienstleister im Gesundheitswesen - Jetzt Termin vereinbaren!","breadcrumb":{"@id":"https:\/\/www.ecovis.com\/ilmenau\/beratungsschwerpunkte\/gesundheitswesen\/#breadcrumb"},"inLanguage":"de","potentialAction":[{"@type":"ReadAction","target":["https:\/\/www.ecovis.com\/ilmenau\/beratungsschwerpunkte\/gesundheitswesen\/"]}]},{"@type":"ImageObject","inLanguage":"de","@id":"https:\/\/www.ecovis.com\/ilmenau\/beratungsschwerpunkte\/gesundheitswesen\/#primaryimage","url":"https:\/\/www.ecovis.com\/ilmenau\/wp-content\/uploads\/2025\/09\/steuerberatung_medizin.webp","contentUrl":"https:\/\/www.ecovis.com\/ilmenau\/wp-content\/uploads\/2025\/09\/steuerberatung_medizin.webp","width":1920,"height":934,"caption":"Steuerberaterin f\u00fcr Mediziner"},{"@type":"BreadcrumbList","@id":"https:\/\/www.ecovis.com\/ilmenau\/beratungsschwerpunkte\/gesundheitswesen\/#breadcrumb","itemListElement":[{"@type":"ListItem","position":1,"name":"Ecovis Global","item":"https:\/\/www.ecovis.com\/"},{"@type":"ListItem","position":2,"name":"Home","item":"https:\/\/www.ecovis.com\/ilmenau\/"},{"@type":"ListItem","position":3,"name":"Schwerpunkte","item":"https:\/\/www.ecovis.com\/ilmenau\/beratungsschwerpunkte\/"},{"@type":"ListItem","position":4,"name":"Gesundheitswesen"}]},{"@type":"WebSite","@id":"https:\/\/www.ecovis.com\/ilmenau\/#website","url":"https:\/\/www.ecovis.com\/ilmenau\/","name":"Ecovis.com","description":"","potentialAction":[{"@type":"SearchAction","target":{"@type":"EntryPoint","urlTemplate":"https:\/\/www.ecovis.com\/ilmenau\/?s={search_term_string}"},"query-input":{"@type":"PropertyValueSpecification","valueRequired":true,"valueName":"search_term_string"}}],"inLanguage":"de"}]}},"_links":{"self":[{"href":"https:\/\/www.ecovis.com\/ilmenau\/wp-json\/wp\/v2\/pages\/4056","targetHints":{"allow":["GET"]}}],"collection":[{"href":"https:\/\/www.ecovis.com\/ilmenau\/wp-json\/wp\/v2\/pages"}],"about":[{"href":"https:\/\/www.ecovis.com\/ilmenau\/wp-json\/wp\/v2\/types\/page"}],"author":[{"embeddable":true,"href":"https:\/\/www.ecovis.com\/ilmenau\/wp-json\/wp\/v2\/users\/28"}],"replies":[{"embeddable":true,"href":"https:\/\/www.ecovis.com\/ilmenau\/wp-json\/wp\/v2\/comments?post=4056"}],"version-history":[{"count":2,"href":"https:\/\/www.ecovis.com\/ilmenau\/wp-json\/wp\/v2\/pages\/4056\/revisions"}],"predecessor-version":[{"id":4383,"href":"https:\/\/www.ecovis.com\/ilmenau\/wp-json\/wp\/v2\/pages\/4056\/revisions\/4383"}],"up":[{"embeddable":true,"href":"https:\/\/www.ecovis.com\/ilmenau\/wp-json\/wp\/v2\/pages\/3771"}],"wp:featuredmedia":[{"embeddable":true,"href":"https:\/\/www.ecovis.com\/ilmenau\/wp-json\/wp\/v2\/media\/4385"}],"wp:attachment":[{"href":"https:\/\/www.ecovis.com\/ilmenau\/wp-json\/wp\/v2\/media?parent=4056"}],"curies":[{"name":"wp","href":"https:\/\/api.w.org\/{rel}","templated":true}]}}