{"id":6195,"date":"2021-08-05T14:41:17","date_gmt":"2021-08-05T12:41:17","guid":{"rendered":"https:\/\/www.ecovis.com\/berlin-gruendung\/?page_id=6195"},"modified":"2021-08-05T14:41:17","modified_gmt":"2021-08-05T12:41:17","slug":"welche-form-muss-in-der-geschaeftlichen-kommunikation-eingehalten-werden","status":"publish","type":"page","link":"https:\/\/www.ecovis.com\/berlin-gruendung\/faq\/welche-form-muss-in-der-geschaeftlichen-kommunikation-eingehalten-werden\/","title":{"rendered":"Welche Form muss in der gesch\u00e4ftlichen Kommunikation eingehalten werden?"},"content":{"rendered":"","protected":false},"excerpt":{"rendered":"","protected":false},"author":9,"featured_media":0,"parent":4731,"menu_order":170,"comment_status":"closed","ping_status":"closed","template":"","meta":{"_acf_changed":false,"footnotes":""},"class_list":["post-6195","page","type-page","status-publish","hentry"],"acf":[],"yoast_head":"<!-- This site is optimized with the Yoast SEO plugin v27.3 - https:\/\/yoast.com\/product\/yoast-seo-wordpress\/ -->\n<title>Welche Form muss in der gesch\u00e4ftlichen Kommunikation eingehalten werden? - Ecovis-Gr\u00fcndung<\/title>\n<meta name=\"description\" content=\"Diese Angaben m\u00fcssen Ihre Gesch\u00e4ftsbriefe enthalten: Firma, Rechtsform, Sitz der Gesellschaft, das Registergericht, HR-Nummer.\" \/>\n<meta name=\"robots\" content=\"index, follow, max-snippet:-1, max-image-preview:large, max-video-preview:-1\" \/>\n<link rel=\"canonical\" href=\"https:\/\/www.ecovis.com\/berlin-gruendung\/faq\/welche-form-muss-in-der-geschaeftlichen-kommunikation-eingehalten-werden\/\" \/>\n<meta property=\"og:locale\" content=\"de_DE\" \/>\n<meta property=\"og:type\" content=\"article\" \/>\n<meta property=\"og:title\" content=\"Welche Form muss in der gesch\u00e4ftlichen Kommunikation eingehalten werden? - Ecovis-Gr\u00fcndung\" \/>\n<meta property=\"og:description\" content=\"Diese Angaben m\u00fcssen Ihre Gesch\u00e4ftsbriefe enthalten: Firma, Rechtsform, Sitz der Gesellschaft, das Registergericht, HR-Nummer.\" \/>\n<meta property=\"og:url\" content=\"https:\/\/www.ecovis.com\/berlin-gruendung\/faq\/welche-form-muss-in-der-geschaeftlichen-kommunikation-eingehalten-werden\/\" \/>\n<meta property=\"og:site_name\" content=\"Handels- und Gesellschaftsrecht\" \/>\n<meta name=\"twitter:card\" content=\"summary_large_image\" \/>\n<script type=\"application\/ld+json\" class=\"yoast-schema-graph\">{\"@context\":\"https:\\\/\\\/schema.org\",\"@graph\":[{\"@type\":\"WebPage\",\"@id\":\"https:\\\/\\\/www.ecovis.com\\\/berlin-gruendung\\\/faq\\\/welche-form-muss-in-der-geschaeftlichen-kommunikation-eingehalten-werden\\\/\",\"url\":\"https:\\\/\\\/www.ecovis.com\\\/berlin-gruendung\\\/faq\\\/welche-form-muss-in-der-geschaeftlichen-kommunikation-eingehalten-werden\\\/\",\"name\":\"Welche Form muss in der gesch\u00e4ftlichen Kommunikation eingehalten werden? - Ecovis-Gr\u00fcndung\",\"isPartOf\":{\"@id\":\"https:\\\/\\\/www.ecovis.com\\\/berlin-gruendung\\\/#website\"},\"datePublished\":\"2021-08-05T12:41:17+00:00\",\"description\":\"Diese Angaben m\u00fcssen Ihre Gesch\u00e4ftsbriefe enthalten: Firma, Rechtsform, Sitz der Gesellschaft, das Registergericht, HR-Nummer.\",\"breadcrumb\":{\"@id\":\"https:\\\/\\\/www.ecovis.com\\\/berlin-gruendung\\\/faq\\\/welche-form-muss-in-der-geschaeftlichen-kommunikation-eingehalten-werden\\\/#breadcrumb\"},\"inLanguage\":\"de\",\"potentialAction\":[{\"@type\":\"ReadAction\",\"target\":[\"https:\\\/\\\/www.ecovis.com\\\/berlin-gruendung\\\/faq\\\/welche-form-muss-in-der-geschaeftlichen-kommunikation-eingehalten-werden\\\/\"]}]},{\"@type\":\"BreadcrumbList\",\"@id\":\"https:\\\/\\\/www.ecovis.com\\\/berlin-gruendung\\\/faq\\\/welche-form-muss-in-der-geschaeftlichen-kommunikation-eingehalten-werden\\\/#breadcrumb\",\"itemListElement\":[{\"@type\":\"ListItem\",\"position\":1,\"name\":\"Ecovis Global\",\"item\":\"https:\\\/\\\/www.ecovis.com\\\/\"},{\"@type\":\"ListItem\",\"position\":2,\"name\":\"Startseite\",\"item\":\"https:\\\/\\\/www.ecovis.com\\\/berlin-gruendung\\\/\"},{\"@type\":\"ListItem\",\"position\":3,\"name\":\"FAQ f\u00fcr Gr\u00fcnder\",\"item\":\"https:\\\/\\\/www.ecovis.com\\\/berlin-gruendung\\\/faq\\\/\"},{\"@type\":\"ListItem\",\"position\":4,\"name\":\"Welche Form muss in der gesch\u00e4ftlichen Kommunikation eingehalten werden?\"}]},{\"@type\":\"WebSite\",\"@id\":\"https:\\\/\\\/www.ecovis.com\\\/berlin-gruendung\\\/#website\",\"url\":\"https:\\\/\\\/www.ecovis.com\\\/berlin-gruendung\\\/\",\"name\":\"Ecovis.com\",\"description\":\"Fachanw\u00e4lte f\u00fcr Gesellschaftsrecht\",\"publisher\":{\"@id\":\"https:\\\/\\\/www.ecovis.com\\\/berlin-gruendung\\\/#organization\"},\"potentialAction\":[{\"@type\":\"SearchAction\",\"target\":{\"@type\":\"EntryPoint\",\"urlTemplate\":\"https:\\\/\\\/www.ecovis.com\\\/berlin-gruendung\\\/?s={search_term_string}\"},\"query-input\":{\"@type\":\"PropertyValueSpecification\",\"valueRequired\":true,\"valueName\":\"search_term_string\"}}],\"inLanguage\":\"de\"},{\"@type\":\"Organization\",\"@id\":\"https:\\\/\\\/www.ecovis.com\\\/berlin-gruendung\\\/#organization\",\"name\":\"Ecovis ERP Rechtsanw\u00e4lte\",\"url\":\"https:\\\/\\\/www.ecovis.com\\\/berlin-gruendung\\\/\",\"logo\":{\"@type\":\"ImageObject\",\"inLanguage\":\"de\",\"@id\":\"https:\\\/\\\/www.ecovis.com\\\/berlin-gruendung\\\/#\\\/schema\\\/logo\\\/image\\\/\",\"url\":\"https:\\\/\\\/www.ecovis.com\\\/berlin-gruendung\\\/wp-content\\\/uploads\\\/2020\\\/11\\\/33791599837791357.png\",\"contentUrl\":\"https:\\\/\\\/www.ecovis.com\\\/berlin-gruendung\\\/wp-content\\\/uploads\\\/2020\\\/11\\\/33791599837791357.png\",\"width\":1920,\"height\":511,\"caption\":\"Ecovis ERP Rechtsanw\u00e4lte\"},\"image\":{\"@id\":\"https:\\\/\\\/www.ecovis.com\\\/berlin-gruendung\\\/#\\\/schema\\\/logo\\\/image\\\/\"}}]}<\/script>\n<!-- \/ Yoast SEO plugin. -->","yoast_head_json":{"title":"Welche Form muss in der gesch\u00e4ftlichen Kommunikation eingehalten werden? - Ecovis-Gr\u00fcndung","description":"Diese Angaben m\u00fcssen Ihre Gesch\u00e4ftsbriefe enthalten: Firma, Rechtsform, Sitz der Gesellschaft, das Registergericht, HR-Nummer.","robots":{"index":"index","follow":"follow","max-snippet":"max-snippet:-1","max-image-preview":"max-image-preview:large","max-video-preview":"max-video-preview:-1"},"canonical":"https:\/\/www.ecovis.com\/berlin-gruendung\/faq\/welche-form-muss-in-der-geschaeftlichen-kommunikation-eingehalten-werden\/","og_locale":"de_DE","og_type":"article","og_title":"Welche Form muss in der gesch\u00e4ftlichen Kommunikation eingehalten werden? - Ecovis-Gr\u00fcndung","og_description":"Diese Angaben m\u00fcssen Ihre Gesch\u00e4ftsbriefe enthalten: Firma, Rechtsform, Sitz der Gesellschaft, das Registergericht, HR-Nummer.","og_url":"https:\/\/www.ecovis.com\/berlin-gruendung\/faq\/welche-form-muss-in-der-geschaeftlichen-kommunikation-eingehalten-werden\/","og_site_name":"Handels- und Gesellschaftsrecht","twitter_card":"summary_large_image","schema":{"@context":"https:\/\/schema.org","@graph":[{"@type":"WebPage","@id":"https:\/\/www.ecovis.com\/berlin-gruendung\/faq\/welche-form-muss-in-der-geschaeftlichen-kommunikation-eingehalten-werden\/","url":"https:\/\/www.ecovis.com\/berlin-gruendung\/faq\/welche-form-muss-in-der-geschaeftlichen-kommunikation-eingehalten-werden\/","name":"Welche Form muss in der gesch\u00e4ftlichen Kommunikation eingehalten werden? - Ecovis-Gr\u00fcndung","isPartOf":{"@id":"https:\/\/www.ecovis.com\/berlin-gruendung\/#website"},"datePublished":"2021-08-05T12:41:17+00:00","description":"Diese Angaben m\u00fcssen Ihre Gesch\u00e4ftsbriefe enthalten: Firma, Rechtsform, Sitz der Gesellschaft, das Registergericht, HR-Nummer.","breadcrumb":{"@id":"https:\/\/www.ecovis.com\/berlin-gruendung\/faq\/welche-form-muss-in-der-geschaeftlichen-kommunikation-eingehalten-werden\/#breadcrumb"},"inLanguage":"de","potentialAction":[{"@type":"ReadAction","target":["https:\/\/www.ecovis.com\/berlin-gruendung\/faq\/welche-form-muss-in-der-geschaeftlichen-kommunikation-eingehalten-werden\/"]}]},{"@type":"BreadcrumbList","@id":"https:\/\/www.ecovis.com\/berlin-gruendung\/faq\/welche-form-muss-in-der-geschaeftlichen-kommunikation-eingehalten-werden\/#breadcrumb","itemListElement":[{"@type":"ListItem","position":1,"name":"Ecovis Global","item":"https:\/\/www.ecovis.com\/"},{"@type":"ListItem","position":2,"name":"Startseite","item":"https:\/\/www.ecovis.com\/berlin-gruendung\/"},{"@type":"ListItem","position":3,"name":"FAQ f\u00fcr Gr\u00fcnder","item":"https:\/\/www.ecovis.com\/berlin-gruendung\/faq\/"},{"@type":"ListItem","position":4,"name":"Welche Form muss in der gesch\u00e4ftlichen Kommunikation eingehalten werden?"}]},{"@type":"WebSite","@id":"https:\/\/www.ecovis.com\/berlin-gruendung\/#website","url":"https:\/\/www.ecovis.com\/berlin-gruendung\/","name":"Ecovis.com","description":"Fachanw\u00e4lte f\u00fcr Gesellschaftsrecht","publisher":{"@id":"https:\/\/www.ecovis.com\/berlin-gruendung\/#organization"},"potentialAction":[{"@type":"SearchAction","target":{"@type":"EntryPoint","urlTemplate":"https:\/\/www.ecovis.com\/berlin-gruendung\/?s={search_term_string}"},"query-input":{"@type":"PropertyValueSpecification","valueRequired":true,"valueName":"search_term_string"}}],"inLanguage":"de"},{"@type":"Organization","@id":"https:\/\/www.ecovis.com\/berlin-gruendung\/#organization","name":"Ecovis ERP Rechtsanw\u00e4lte","url":"https:\/\/www.ecovis.com\/berlin-gruendung\/","logo":{"@type":"ImageObject","inLanguage":"de","@id":"https:\/\/www.ecovis.com\/berlin-gruendung\/#\/schema\/logo\/image\/","url":"https:\/\/www.ecovis.com\/berlin-gruendung\/wp-content\/uploads\/2020\/11\/33791599837791357.png","contentUrl":"https:\/\/www.ecovis.com\/berlin-gruendung\/wp-content\/uploads\/2020\/11\/33791599837791357.png","width":1920,"height":511,"caption":"Ecovis ERP Rechtsanw\u00e4lte"},"image":{"@id":"https:\/\/www.ecovis.com\/berlin-gruendung\/#\/schema\/logo\/image\/"}}]}},"_links":{"self":[{"href":"https:\/\/www.ecovis.com\/berlin-gruendung\/wp-json\/wp\/v2\/pages\/6195","targetHints":{"allow":["GET"]}}],"collection":[{"href":"https:\/\/www.ecovis.com\/berlin-gruendung\/wp-json\/wp\/v2\/pages"}],"about":[{"href":"https:\/\/www.ecovis.com\/berlin-gruendung\/wp-json\/wp\/v2\/types\/page"}],"author":[{"embeddable":true,"href":"https:\/\/www.ecovis.com\/berlin-gruendung\/wp-json\/wp\/v2\/users\/9"}],"replies":[{"embeddable":true,"href":"https:\/\/www.ecovis.com\/berlin-gruendung\/wp-json\/wp\/v2\/comments?post=6195"}],"version-history":[{"count":3,"href":"https:\/\/www.ecovis.com\/berlin-gruendung\/wp-json\/wp\/v2\/pages\/6195\/revisions"}],"predecessor-version":[{"id":6198,"href":"https:\/\/www.ecovis.com\/berlin-gruendung\/wp-json\/wp\/v2\/pages\/6195\/revisions\/6198"}],"up":[{"embeddable":true,"href":"https:\/\/www.ecovis.com\/berlin-gruendung\/wp-json\/wp\/v2\/pages\/4731"}],"wp:attachment":[{"href":"https:\/\/www.ecovis.com\/berlin-gruendung\/wp-json\/wp\/v2\/media?parent=6195"}],"curies":[{"name":"wp","href":"https:\/\/api.w.org\/{rel}","templated":true}]}}