{"id":3187,"date":"2021-08-06T11:06:59","date_gmt":"2021-08-06T09:06:59","guid":{"rendered":"https:\/\/www.ecovis.com\/austria\/?page_id=3187"},"modified":"2026-02-03T17:04:40","modified_gmt":"2026-02-03T16:04:40","slug":"publikationen","status":"publish","type":"page","link":"https:\/\/www.ecovis.com\/austria\/news\/publikationen\/","title":{"rendered":"Publikationen"},"content":{"rendered":"<p>Viele unserer Berater sind Experten, die ihr Wissen in Fachb\u00fcchern und -zeitschriften publizieren. Hier finden Sie die neuesten Ver\u00f6ffentlichungen:<\/p>\n  <div class=\"su-posts publikationen\"><table>\n          \n      \t      <tr><td>16.03.2026 <\/td><td><a href=\"https:\/\/www.ecovis.com\/austria\/blog\/wie-ist-mit-ki-investitionen-im-jahresabschluss-umzugehen\/\">Wie ist mit KI-Investitionen im Jahresabschluss umzugehen?<\/a><\/<td><td><a href=\"https:\/\/www.ecovis.com\/austria\/blog\/wie-ist-mit-ki-investitionen-im-jahresabschluss-umzugehen\/\"><i class=\"fas fa-angle-double-right\"><\/i><\/a><\/td><\/tr>\n\n          \n      \t      <tr><td>27.02.2026 <\/td><td><a href=\"https:\/\/www.ecovis.com\/austria\/blog\/ip-uebertragungen-bei-startup-gruendung-wenn-schon-dann-richtig\/\">IP-\u00dcbertragungen bei Startup-Gr\u00fcndung \u2013 wenn schon, dann richtig!<\/a><\/<td><td><a href=\"https:\/\/www.ecovis.com\/austria\/blog\/ip-uebertragungen-bei-startup-gruendung-wenn-schon-dann-richtig\/\"><i class=\"fas fa-angle-double-right\"><\/i><\/a><\/td><\/tr>\n\n          \n      \t      <tr><td>06.02.2026 <\/td><td><a href=\"https:\/\/www.ecovis.com\/austria\/blog\/krypta-ableben-und-steuertipps-zum-jahresende\/\">Krypta, Ableben und Steuertipps zum Jahresende<\/a><\/<td><td><a href=\"https:\/\/www.ecovis.com\/austria\/blog\/krypta-ableben-und-steuertipps-zum-jahresende\/\"><i class=\"fas fa-angle-double-right\"><\/i><\/a><\/td><\/tr>\n\n          \n      \t      <tr><td>02.02.2026 <\/td><td><a href=\"https:\/\/www.ecovis.com\/austria\/blog\/praxisfragen-izm-der-verlaengerten-umwandlungsmoeglichkeit-von-beteiligungsprogrammen\/\">Praxisfragen iZm der verl\u00e4ngerten Umwandlungsm\u00f6glichkeit von Beteiligungsprogrammen<\/a><\/<td><td><a href=\"https:\/\/www.ecovis.com\/austria\/blog\/praxisfragen-izm-der-verlaengerten-umwandlungsmoeglichkeit-von-beteiligungsprogrammen\/\"><i class=\"fas fa-angle-double-right\"><\/i><\/a><\/td><\/tr>\n\n          \n      \t      <tr><td>19.12.2025 <\/td><td><a href=\"https:\/\/www.ecovis.com\/austria\/blog\/so-wandeln-startups-phantom-shares-in-echte-mitarbeiterbeteiligungen-auch-2026-um\/\">So wandeln Startups Phantom Shares in echte Mitarbeiterbeteiligungen auch 2026 um<\/a><\/<td><td><a href=\"https:\/\/www.ecovis.com\/austria\/blog\/so-wandeln-startups-phantom-shares-in-echte-mitarbeiterbeteiligungen-auch-2026-um\/\"><i class=\"fas fa-angle-double-right\"><\/i><\/a><\/td><\/tr>\n\n          \n      \t      <tr><td>17.12.2025 <\/td><td><a href=\"https:\/\/www.ecovis.com\/austria\/blog\/neuer-grenzueberschreitender-krypto-informationsaustausch-ab-2026\/\">Neuer grenz\u00fcberschreitender Krypto-Informationsaustausch ab 2026<\/a><\/<td><td><a href=\"https:\/\/www.ecovis.com\/austria\/blog\/neuer-grenzueberschreitender-krypto-informationsaustausch-ab-2026\/\"><i class=\"fas fa-angle-double-right\"><\/i><\/a><\/td><\/tr>\n\n          \n      \t      <tr><td>20.11.2025 <\/td><td><a href=\"https:\/\/www.ecovis.com\/austria\/blog\/achtung-neue-wiereg-meldeverpflichtung-izm-treuhandschaften-auch-mini-treuhandschaften\/\">Achtung: Neue WiEReG-Meldeverpflichtung iZm Treuhandschaften (auch \u201eMini-Treuhandschaften\u201c)<\/a><\/<td><td><a href=\"https:\/\/www.ecovis.com\/austria\/blog\/achtung-neue-wiereg-meldeverpflichtung-izm-treuhandschaften-auch-mini-treuhandschaften\/\"><i class=\"fas fa-angle-double-right\"><\/i><\/a><\/td><\/tr>\n\n          \n      \t      <tr><td>14.10.2025 <\/td><td><a href=\"https:\/\/www.ecovis.com\/austria\/blog\/startup-standort-oesterreich-aktuelle-rahmenbedingungen\/\">Startup-Standort \u00d6sterreich \u2013 Aktuelle Rahmenbedingungen<\/a><\/<td><td><a href=\"https:\/\/www.ecovis.com\/austria\/blog\/startup-standort-oesterreich-aktuelle-rahmenbedingungen\/\"><i class=\"fas fa-angle-double-right\"><\/i><\/a><\/td><\/tr>\n\n          \n      \t      <tr><td>04.09.2025 <\/td><td><a href=\"https:\/\/www.ecovis.com\/austria\/blog\/startup-gruendung-was-ist-zu-beachten\/\">Startup-Gr\u00fcndung \u2013 was ist zu beachten!<\/a><\/<td><td><a href=\"https:\/\/www.ecovis.com\/austria\/blog\/startup-gruendung-was-ist-zu-beachten\/\"><i class=\"fas fa-angle-double-right\"><\/i><\/a><\/td><\/tr>\n\n          \n      \t      <tr><td>12.08.2025 <\/td><td><a href=\"https:\/\/www.ecovis.com\/austria\/blog\/forschungspraemie-fuer-startups\/\">Forschungspr\u00e4mie f\u00fcr Startups<\/a><\/<td><td><a href=\"https:\/\/www.ecovis.com\/austria\/blog\/forschungspraemie-fuer-startups\/\"><i class=\"fas fa-angle-double-right\"><\/i><\/a><\/td><\/tr>\n\n    <\/table>\n  <\/div>\n\n\n\n\n","protected":false},"excerpt":{"rendered":"<p>Viele unserer Berater sind Experten, die ihr Wissen in Fachb\u00fcchern und -zeitschriften publizieren. Hier finden Sie die neuesten Ver\u00f6ffentlichungen:<\/p>\n","protected":false},"author":15,"featured_media":0,"parent":3171,"menu_order":10,"comment_status":"closed","ping_status":"closed","template":"","meta":{"_acf_changed":false,"footnotes":""},"class_list":["post-3187","page","type-page","status-publish","hentry"],"acf":[],"yoast_head":"<!-- This site is optimized with the Yoast SEO Premium plugin v27.2 (Yoast SEO v27.2) - https:\/\/yoast.com\/product\/yoast-seo-premium-wordpress\/ -->\n<title>Publikationen | ECOVIS in \u00d6sterreich<\/title>\n<meta name=\"robots\" content=\"index, follow, max-snippet:-1, max-image-preview:large, max-video-preview:-1\" \/>\n<link rel=\"canonical\" href=\"https:\/\/www.ecovis.com\/austria\/news\/publikationen\/\" \/>\n<meta property=\"og:locale\" content=\"de_DE\" \/>\n<meta property=\"og:type\" content=\"article\" \/>\n<meta property=\"og:title\" content=\"Publikationen | ECOVIS in \u00d6sterreich\" \/>\n<meta property=\"og:description\" content=\"Viele unserer Berater sind Experten, die ihr Wissen in Fachb\u00fcchern und -zeitschriften publizieren. Hier finden Sie die neuesten Ver\u00f6ffentlichungen:\" \/>\n<meta property=\"og:url\" content=\"https:\/\/www.ecovis.com\/austria\/news\/publikationen\/\" \/>\n<meta property=\"og:site_name\" content=\"ECOVIS in \u00d6sterreich\" \/>\n<meta property=\"article:publisher\" content=\"https:\/\/www.facebook.com\/ecovisaustria\/\" \/>\n<meta property=\"article:modified_time\" content=\"2026-02-03T16:04:40+00:00\" \/>\n<meta name=\"twitter:card\" content=\"summary_large_image\" \/>\n<meta name=\"twitter:label1\" content=\"Gesch\u00e4tzte Lesezeit\" \/>\n\t<meta name=\"twitter:data1\" content=\"1\u00a0Minute\" \/>\n<script type=\"application\/ld+json\" class=\"yoast-schema-graph\">{\"@context\":\"https:\/\/schema.org\",\"@graph\":[{\"@type\":\"WebPage\",\"@id\":\"https:\/\/www.ecovis.com\/austria\/news\/publikationen\/\",\"url\":\"https:\/\/www.ecovis.com\/austria\/news\/publikationen\/\",\"name\":\"Publikationen | ECOVIS in \u00d6sterreich\",\"isPartOf\":{\"@id\":\"https:\/\/www.ecovis.com\/austria\/#website\"},\"datePublished\":\"2021-08-06T09:06:59+00:00\",\"dateModified\":\"2026-02-03T16:04:40+00:00\",\"breadcrumb\":{\"@id\":\"https:\/\/www.ecovis.com\/austria\/news\/publikationen\/#breadcrumb\"},\"inLanguage\":\"de\",\"potentialAction\":[{\"@type\":\"ReadAction\",\"target\":[\"https:\/\/www.ecovis.com\/austria\/news\/publikationen\/\"]}]},{\"@type\":\"BreadcrumbList\",\"@id\":\"https:\/\/www.ecovis.com\/austria\/news\/publikationen\/#breadcrumb\",\"itemListElement\":[{\"@type\":\"ListItem\",\"position\":1,\"name\":\"Startseite\",\"item\":\"https:\/\/www.ecovis.com\/austria\/\"},{\"@type\":\"ListItem\",\"position\":2,\"name\":\"News\",\"item\":\"https:\/\/www.ecovis.com\/austria\/news\/\"},{\"@type\":\"ListItem\",\"position\":3,\"name\":\"Publikationen\"}]},{\"@type\":\"WebSite\",\"@id\":\"https:\/\/www.ecovis.com\/austria\/#website\",\"url\":\"https:\/\/www.ecovis.com\/austria\/\",\"name\":\"ECOVIS Austria\",\"description\":\"\",\"publisher\":{\"@id\":\"https:\/\/www.ecovis.com\/austria\/#organization\"},\"potentialAction\":[{\"@type\":\"SearchAction\",\"target\":{\"@type\":\"EntryPoint\",\"urlTemplate\":\"https:\/\/www.ecovis.com\/austria\/?s={search_term_string}\"},\"query-input\":{\"@type\":\"PropertyValueSpecification\",\"valueRequired\":true,\"valueName\":\"search_term_string\"}}],\"inLanguage\":\"de\"},{\"@type\":\"Organization\",\"@id\":\"https:\/\/www.ecovis.com\/austria\/#organization\",\"name\":\"Ecovis Austria\",\"alternateName\":\"Ecovis Austria\",\"url\":\"https:\/\/www.ecovis.com\/austria\/\",\"logo\":{\"@type\":\"ImageObject\",\"inLanguage\":\"de\",\"@id\":\"https:\/\/www.ecovis.com\/austria\/#\/schema\/logo\/image\/\",\"url\":\"https:\/\/www.ecovis.com\/austria\/wp-content\/uploads\/2025\/08\/ECOVIS_3544x843-scaled.png\",\"contentUrl\":\"https:\/\/www.ecovis.com\/austria\/wp-content\/uploads\/2025\/08\/ECOVIS_3544x843-scaled.png\",\"width\":2560,\"height\":609,\"caption\":\"Ecovis Austria\"},\"image\":{\"@id\":\"https:\/\/www.ecovis.com\/austria\/#\/schema\/logo\/image\/\"},\"sameAs\":[\"https:\/\/www.facebook.com\/ecovisaustria\/\",\"https:\/\/www.instagram.com\/ecovisaustria\/\",\"https:\/\/at.linkedin.com\/company\/ecovisaustria\"],\"email\":\"office@ecovis.at\",\"telephone\":\"+43 (1) 59922 0\",\"legalName\":\"ECOVIS Austria Wirtschaftspr\u00fcfungs- und Steuerberatungsgesellschaft m.b.H.\",\"foundingDate\":\"1982-01-01\",\"vatID\":\"ATU44137108\",\"numberOfEmployees\":{\"@type\":\"QuantitativeValue\",\"minValue\":\"51\",\"maxValue\":\"200\"},\"ownershipFundingInfo\":\"https:\/\/www.ecovis.com\/austria\/impressum\/\"}]}<\/script>\n<!-- \/ Yoast SEO Premium plugin. -->","yoast_head_json":{"title":"Publikationen | ECOVIS in \u00d6sterreich","robots":{"index":"index","follow":"follow","max-snippet":"max-snippet:-1","max-image-preview":"max-image-preview:large","max-video-preview":"max-video-preview:-1"},"canonical":"https:\/\/www.ecovis.com\/austria\/news\/publikationen\/","og_locale":"de_DE","og_type":"article","og_title":"Publikationen | ECOVIS in \u00d6sterreich","og_description":"Viele unserer Berater sind Experten, die ihr Wissen in Fachb\u00fcchern und -zeitschriften publizieren. Hier finden Sie die neuesten Ver\u00f6ffentlichungen:","og_url":"https:\/\/www.ecovis.com\/austria\/news\/publikationen\/","og_site_name":"ECOVIS in \u00d6sterreich","article_publisher":"https:\/\/www.facebook.com\/ecovisaustria\/","article_modified_time":"2026-02-03T16:04:40+00:00","twitter_card":"summary_large_image","twitter_misc":{"Gesch\u00e4tzte Lesezeit":"1\u00a0Minute"},"schema":{"@context":"https:\/\/schema.org","@graph":[{"@type":"WebPage","@id":"https:\/\/www.ecovis.com\/austria\/news\/publikationen\/","url":"https:\/\/www.ecovis.com\/austria\/news\/publikationen\/","name":"Publikationen | ECOVIS in \u00d6sterreich","isPartOf":{"@id":"https:\/\/www.ecovis.com\/austria\/#website"},"datePublished":"2021-08-06T09:06:59+00:00","dateModified":"2026-02-03T16:04:40+00:00","breadcrumb":{"@id":"https:\/\/www.ecovis.com\/austria\/news\/publikationen\/#breadcrumb"},"inLanguage":"de","potentialAction":[{"@type":"ReadAction","target":["https:\/\/www.ecovis.com\/austria\/news\/publikationen\/"]}]},{"@type":"BreadcrumbList","@id":"https:\/\/www.ecovis.com\/austria\/news\/publikationen\/#breadcrumb","itemListElement":[{"@type":"ListItem","position":1,"name":"Startseite","item":"https:\/\/www.ecovis.com\/austria\/"},{"@type":"ListItem","position":2,"name":"News","item":"https:\/\/www.ecovis.com\/austria\/news\/"},{"@type":"ListItem","position":3,"name":"Publikationen"}]},{"@type":"WebSite","@id":"https:\/\/www.ecovis.com\/austria\/#website","url":"https:\/\/www.ecovis.com\/austria\/","name":"ECOVIS Austria","description":"","publisher":{"@id":"https:\/\/www.ecovis.com\/austria\/#organization"},"potentialAction":[{"@type":"SearchAction","target":{"@type":"EntryPoint","urlTemplate":"https:\/\/www.ecovis.com\/austria\/?s={search_term_string}"},"query-input":{"@type":"PropertyValueSpecification","valueRequired":true,"valueName":"search_term_string"}}],"inLanguage":"de"},{"@type":"Organization","@id":"https:\/\/www.ecovis.com\/austria\/#organization","name":"Ecovis Austria","alternateName":"Ecovis Austria","url":"https:\/\/www.ecovis.com\/austria\/","logo":{"@type":"ImageObject","inLanguage":"de","@id":"https:\/\/www.ecovis.com\/austria\/#\/schema\/logo\/image\/","url":"https:\/\/www.ecovis.com\/austria\/wp-content\/uploads\/2025\/08\/ECOVIS_3544x843-scaled.png","contentUrl":"https:\/\/www.ecovis.com\/austria\/wp-content\/uploads\/2025\/08\/ECOVIS_3544x843-scaled.png","width":2560,"height":609,"caption":"Ecovis Austria"},"image":{"@id":"https:\/\/www.ecovis.com\/austria\/#\/schema\/logo\/image\/"},"sameAs":["https:\/\/www.facebook.com\/ecovisaustria\/","https:\/\/www.instagram.com\/ecovisaustria\/","https:\/\/at.linkedin.com\/company\/ecovisaustria"],"email":"office@ecovis.at","telephone":"+43 (1) 59922 0","legalName":"ECOVIS Austria Wirtschaftspr\u00fcfungs- und Steuerberatungsgesellschaft m.b.H.","foundingDate":"1982-01-01","vatID":"ATU44137108","numberOfEmployees":{"@type":"QuantitativeValue","minValue":"51","maxValue":"200"},"ownershipFundingInfo":"https:\/\/www.ecovis.com\/austria\/impressum\/"}]}},"_links":{"self":[{"href":"https:\/\/www.ecovis.com\/austria\/wp-json\/wp\/v2\/pages\/3187","targetHints":{"allow":["GET"]}}],"collection":[{"href":"https:\/\/www.ecovis.com\/austria\/wp-json\/wp\/v2\/pages"}],"about":[{"href":"https:\/\/www.ecovis.com\/austria\/wp-json\/wp\/v2\/types\/page"}],"author":[{"embeddable":true,"href":"https:\/\/www.ecovis.com\/austria\/wp-json\/wp\/v2\/users\/15"}],"replies":[{"embeddable":true,"href":"https:\/\/www.ecovis.com\/austria\/wp-json\/wp\/v2\/comments?post=3187"}],"version-history":[{"count":51,"href":"https:\/\/www.ecovis.com\/austria\/wp-json\/wp\/v2\/pages\/3187\/revisions"}],"predecessor-version":[{"id":8886,"href":"https:\/\/www.ecovis.com\/austria\/wp-json\/wp\/v2\/pages\/3187\/revisions\/8886"}],"up":[{"embeddable":true,"href":"https:\/\/www.ecovis.com\/austria\/wp-json\/wp\/v2\/pages\/3171"}],"wp:attachment":[{"href":"https:\/\/www.ecovis.com\/austria\/wp-json\/wp\/v2\/media?parent=3187"}],"curies":[{"name":"wp","href":"https:\/\/api.w.org\/{rel}","templated":true}]}}